CRAN Package Check Results for Package vaccine

Last updated on 2024-02-24 19:50:56 CET.

Flavor Version Tinstall Tcheck Ttotal Status Flags
r-devel-linux-x86_64-debian-clang 1.2.1 7.97 514.93 522.90 OK
r-devel-linux-x86_64-debian-gcc 1.2.1 5.46 371.58 377.04 OK
r-devel-linux-x86_64-fedora-clang 1.2.1 420.01 OK
r-devel-linux-x86_64-fedora-gcc 1.2.1 422.04 OK
r-devel-windows-x86_64 1.2.1 9.00 317.00 326.00 OK
r-patched-linux-x86_64 1.2.1 8.88 493.59 502.47 OK
r-release-linux-x86_64 1.2.1 8.32 493.47 501.79 OK
r-release-macos-arm64 1.2.1 9.00 ERROR
r-release-macos-x86_64 1.2.1 179.00 OK
r-release-windows-x86_64 1.2.1 12.00 475.00 487.00 OK
r-oldrel-macos-arm64 1.2.1 10.00 ERROR
r-oldrel-windows-x86_64 1.2.1 11.00 10.00 21.00 ERROR

Check Details

Version: 1.2.1
Check: package dependencies
Result: ERROR Package required and available but unsuitable version: ‘utils’ See section ‘The DESCRIPTION file’ in the ‘Writing R Extensions’ manual. Flavors: r-release-macos-arm64, r-oldrel-macos-arm64, r-oldrel-windows-x86_64