Last updated on 2023-02-03 19:52:23 CET.
Flavor | Version | Tinstall | Tcheck | Ttotal | Status | Flags |
---|---|---|---|---|---|---|
r-devel-linux-x86_64-debian-clang | 0.3.0 | 14.89 | 119.97 | 134.86 | OK | |
r-devel-linux-x86_64-debian-gcc | 0.3.0 | 10.33 | 89.35 | 99.68 | OK | |
r-devel-linux-x86_64-fedora-clang | 0.3.0 | 167.24 | NOTE | |||
r-devel-linux-x86_64-fedora-gcc | 0.3.0 | 159.83 | NOTE | |||
r-patched-linux-x86_64 | 0.3.0 | 13.25 | 112.07 | 125.32 | OK | |
r-release-linux-x86_64 | 0.3.0 | 11.22 | 114.48 | 125.70 | OK | |
r-release-macos-arm64 | 0.3.0 | 44.00 | NOTE | |||
r-release-macos-x86_64 | 0.3.0 | 75.00 | NOTE | |||
r-release-windows-x86_64 | 0.3.0 | 23.00 | 159.00 | 182.00 | OK | |
r-oldrel-macos-arm64 | 0.3.0 | 49.00 | NOTE | |||
r-oldrel-macos-x86_64 | 0.3.0 | 86.00 | NOTE | |||
r-oldrel-windows-ix86+x86_64 | 0.3.0 | 31.00 | 139.00 | 170.00 | OK |
Version: 0.3.0
Check: dependencies in R code
Result: NOTE
Namespace in Imports field not imported from: ‘rio’
All declared Imports should be used.
Flavors: r-devel-linux-x86_64-fedora-clang, r-devel-linux-x86_64-fedora-gcc, r-release-macos-arm64, r-release-macos-x86_64, r-oldrel-macos-arm64, r-oldrel-macos-x86_64