CRAN Package Check Results for Package utile.tools

Last updated on 2021-10-26 08:10:21 CEST.

Flavor Version Tinstall Tcheck Ttotal Status Flags
r-devel-linux-x86_64-debian-clang 0.2.6 2.27 22.81 25.08 NOTE
r-devel-linux-x86_64-debian-gcc 0.2.6 1.66 17.87 19.53 NOTE
r-devel-linux-x86_64-fedora-clang 0.2.6 41.63 NOTE
r-devel-linux-x86_64-fedora-gcc 0.2.6 30.68 NOTE
r-devel-windows-x86_64 0.2.6 4.00 32.00 36.00 NOTE
r-devel-windows-x86_64-gcc10-UCRT 0.2.6 NOTE
r-patched-linux-x86_64 0.2.6 2.42 22.17 24.59 NOTE
r-patched-solaris-x86 0.2.6 50.80 NOTE
r-release-linux-x86_64 0.2.6 2.19 22.33 24.52 NOTE
r-release-macos-arm64 0.2.6 NOTE
r-release-macos-x86_64 0.2.6 NOTE
r-release-windows-ix86+x86_64 0.2.6 4.00 43.00 47.00 NOTE
r-oldrel-macos-x86_64 0.2.6 OK
r-oldrel-windows-ix86+x86_64 0.2.6 6.00 45.00 51.00 OK

Check Details

Version: 0.2.6
Check: LazyData
Result: NOTE
     'LazyData' is specified without a 'data' directory
Flavors: r-devel-linux-x86_64-debian-clang, r-devel-linux-x86_64-debian-gcc, r-devel-linux-x86_64-fedora-clang, r-devel-linux-x86_64-fedora-gcc, r-devel-windows-x86_64, r-devel-windows-x86_64-gcc10-UCRT, r-patched-linux-x86_64, r-patched-solaris-x86, r-release-linux-x86_64, r-release-macos-arm64, r-release-macos-x86_64, r-release-windows-ix86+x86_64

Version: 0.2.6
Check: Rd cross-references
Result: NOTE
    Undeclared package ‘dplyr’ in Rd xrefs
Flavor: r-devel-linux-x86_64-fedora-clang