CRAN Package Check Results for Package usmap

Last updated on 2024-02-25 07:50:04 CET.

Flavor Version Tinstall Tcheck Ttotal Status Flags
r-devel-linux-x86_64-debian-clang 0.7.0 3.15 101.25 104.40 OK
r-devel-linux-x86_64-debian-gcc 0.7.0 3.06 80.04 83.10 OK
r-devel-linux-x86_64-fedora-clang 0.7.0 126.55 NOTE
r-devel-linux-x86_64-fedora-gcc 0.7.0 133.93 NOTE
r-devel-windows-x86_64 0.7.0 4.00 102.00 106.00 OK
r-patched-linux-x86_64 0.7.0 4.25 99.45 103.70 OK
r-release-linux-x86_64 0.7.0 3.57 98.63 102.20 OK
r-release-macos-arm64 0.7.0 53.00 OK
r-release-macos-x86_64 0.7.0 86.00 OK
r-release-windows-x86_64 0.7.0 6.00 122.00 128.00 OK
r-oldrel-macos-arm64 0.7.0 53.00 OK
r-oldrel-windows-x86_64 0.7.0 6.00 125.00 131.00 OK

Check Details

Version: 0.7.0
Check: data for non-ASCII characters
Result: NOTE Note: found 1 marked UTF-8 string Flavors: r-devel-linux-x86_64-fedora-clang, r-devel-linux-x86_64-fedora-gcc