Last updated on 2023-03-30 08:54:03 CEST.
Flavor | Version | Tinstall | Tcheck | Ttotal | Status | Flags |
---|---|---|---|---|---|---|
r-devel-linux-x86_64-debian-clang | 0.4.8 | 5.84 | 49.56 | 55.40 | NOTE | |
r-devel-linux-x86_64-debian-gcc | 0.4.8 | 4.45 | 38.04 | 42.49 | NOTE | |
r-devel-linux-x86_64-fedora-clang | 0.4.8 | 67.87 | NOTE | |||
r-devel-linux-x86_64-fedora-gcc | 0.4.8 | 65.05 | NOTE | |||
r-patched-linux-x86_64 | 0.4.8 | 6.23 | 47.21 | 53.44 | NOTE | |
r-release-linux-x86_64 | 0.4.8 | 4.80 | 47.87 | 52.67 | NOTE | |
r-release-macos-arm64 | 0.4.8 | 26.00 | NOTE | |||
r-release-macos-x86_64 | 0.4.8 | 47.00 | NOTE | |||
r-release-windows-x86_64 | 0.4.8 | 33.00 | 92.00 | 125.00 | NOTE | |
r-oldrel-macos-arm64 | 0.4.8 | 34.00 | NOTE | |||
r-oldrel-macos-x86_64 | 0.4.8 | 38.00 | NOTE | |||
r-oldrel-windows-ix86+x86_64 | 0.4.8 | 12.00 | 74.00 | 86.00 | NOTE |
Version: 0.4.8
Check: LazyData
Result: NOTE
'LazyData' is specified without a 'data' directory
Flavors: r-devel-linux-x86_64-debian-clang, r-devel-linux-x86_64-debian-gcc, r-devel-linux-x86_64-fedora-clang, r-devel-linux-x86_64-fedora-gcc, r-patched-linux-x86_64, r-release-linux-x86_64, r-release-macos-arm64, r-release-macos-x86_64, r-release-windows-x86_64, r-oldrel-macos-arm64, r-oldrel-macos-x86_64, r-oldrel-windows-ix86+x86_64