Last updated on 2023-12-06 07:50:33 CET.
Flavor | Version | Tinstall | Tcheck | Ttotal | Status | Flags |
---|---|---|---|---|---|---|
r-devel-linux-x86_64-debian-clang | 1.7.3 | 83.29 | 37.82 | 121.11 | NOTE | |
r-devel-linux-x86_64-debian-gcc | 1.7.3 | 58.40 | 29.86 | 88.26 | NOTE | |
r-devel-linux-x86_64-fedora-clang | 1.7.3 | 177.64 | NOTE | |||
r-devel-linux-x86_64-fedora-gcc | 1.7.3 | 183.90 | NOTE | |||
r-devel-windows-x86_64 | 1.7.3 | 64.00 | 73.00 | 137.00 | OK | |
r-patched-linux-x86_64 | 1.7.3 | 65.78 | 37.43 | 103.21 | OK | |
r-release-linux-x86_64 | 1.7.3 | 68.37 | 37.15 | 105.52 | OK | |
r-release-macos-arm64 | 1.7.3 | 50.00 | OK | |||
r-release-macos-x86_64 | 1.7.3 | 83.00 | OK | |||
r-release-windows-x86_64 | 1.7.3 | 81.00 | 83.00 | 164.00 | OK | |
r-oldrel-macos-arm64 | 1.7.3 | 44.00 | OK | |||
r-oldrel-macos-x86_64 | 1.7.3 | 62.00 | NOTE | |||
r-oldrel-windows-x86_64 | 1.7.3 | 71.00 | 78.00 | 149.00 | OK |
Version: 1.7.3
Check: Rd files
Result: NOTE
checkRd: (-1) encoder.Rd:32-37: Lost braces in \itemize; meant \describe ?
checkRd: (-1) encoder.Rd:38-44: Lost braces in \itemize; meant \describe ?
checkRd: (-1) encoder.Rd:45-48: Lost braces in \itemize; meant \describe ?
Flavors: r-devel-linux-x86_64-debian-clang, r-devel-linux-x86_64-debian-gcc
Version: 1.7.3
Check: Rd cross-references
Result: NOTE
Undeclared package ‘httr’ in Rd xrefs
Flavor: r-devel-linux-x86_64-fedora-clang
Version: 1.7.3
Check: data for non-ASCII characters
Result: NOTE
Note: found 488 marked UTF-8 strings
Flavors: r-devel-linux-x86_64-fedora-clang, r-devel-linux-x86_64-fedora-gcc, r-oldrel-macos-x86_64