CRAN Package Check Results for Package units

Last updated on 2019-12-07 08:49:48 CET.

Flavor Version Tinstall Tcheck Ttotal Status Flags
r-devel-linux-x86_64-debian-clang 0.6-5 26.56 55.32 81.88 OK
r-devel-linux-x86_64-debian-gcc 0.6-5 16.22 43.04 59.26 OK
r-devel-linux-x86_64-fedora-clang 0.6-5 108.21 OK
r-devel-linux-x86_64-fedora-gcc 0.6-5 99.08 OK
r-devel-windows-ix86+x86_64 0.6-5 52.00 145.00 197.00 OK
r-devel-windows-ix86+x86_64-gcc8 0.6-5 54.00 111.00 165.00 NOTE
r-patched-linux-x86_64 0.6-5 17.34 51.18 68.52 OK
r-patched-solaris-x86 0.6-5 130.80 OK
r-release-linux-x86_64 0.6-5 18.85 51.52 70.37 OK
r-release-windows-ix86+x86_64 0.6-5 50.00 109.00 159.00 OK
r-release-osx-x86_64 0.6-5 OK
r-oldrel-windows-ix86+x86_64 0.6-5 38.00 106.00 144.00 OK
r-oldrel-osx-x86_64 0.6-5 OK

Check Details

Version: 0.6-5
Check: installed package size
Result: NOTE
     installed size is 5.1Mb
     sub-directories of 1Mb or more:
     doc 2.2Mb
     libs 2.6Mb
Flavor: r-devel-windows-ix86+x86_64-gcc8