CRAN Package Check Results for Package ulid

Last updated on 2024-02-26 07:50:17 CET.

Flavor Version Tinstall Tcheck Ttotal Status Flags
r-devel-linux-x86_64-debian-clang 0.3.0 21.10 32.31 53.41 NOTE
r-devel-linux-x86_64-debian-gcc 0.3.0 17.07 24.91 41.98 NOTE
r-devel-linux-x86_64-fedora-clang 0.3.0 72.56 NOTE
r-devel-linux-x86_64-fedora-gcc 0.3.0 81.06 NOTE
r-devel-windows-x86_64 0.3.0 18.00 63.00 81.00 NOTE
r-patched-linux-x86_64 0.3.0 20.02 30.70 50.72 NOTE
r-release-linux-x86_64 0.3.0 21.46 31.17 52.63 NOTE
r-release-macos-arm64 0.3.0 31.00 NOTE
r-release-macos-x86_64 0.3.0 47.00 NOTE
r-release-windows-x86_64 0.3.0 17.00 71.00 88.00 NOTE
r-oldrel-macos-arm64 0.3.0 27.00 OK
r-oldrel-windows-x86_64 0.3.0 26.00 74.00 100.00 OK

Check Details

Version: 0.3.0
Check: C++ specification
Result: NOTE Specified C++11: please drop specification unless essential Flavors: r-devel-linux-x86_64-debian-clang, r-devel-linux-x86_64-debian-gcc, r-devel-linux-x86_64-fedora-clang, r-devel-linux-x86_64-fedora-gcc, r-devel-windows-x86_64, r-patched-linux-x86_64, r-release-linux-x86_64, r-release-macos-arm64, r-release-macos-x86_64, r-release-windows-x86_64

Version: 0.3.0
Check: package subdirectories
Result: NOTE Problems with news in ‘NEWS.md’: No news entries found. Flavors: r-devel-linux-x86_64-debian-clang, r-devel-linux-x86_64-debian-gcc, r-devel-linux-x86_64-fedora-clang, r-devel-linux-x86_64-fedora-gcc, r-devel-windows-x86_64, r-patched-linux-x86_64, r-release-linux-x86_64, r-release-macos-arm64, r-release-macos-x86_64, r-release-windows-x86_64

Version: 0.3.0
Check: package vignettes
Result: NOTE Package vignette without corresponding tangle output: ‘intro-to-ulid.Rmd’ Flavors: r-devel-linux-x86_64-debian-clang, r-devel-linux-x86_64-debian-gcc, r-devel-linux-x86_64-fedora-clang, r-devel-linux-x86_64-fedora-gcc, r-devel-windows-x86_64