CRAN Package Check Results for Package ukpolice

Last updated on 2022-08-07 09:54:13 CEST.

Flavor Version Tinstall Tcheck Ttotal Status Flags
r-devel-linux-x86_64-debian-clang 0.2.2 5.49 47.27 52.76 NOTE
r-devel-linux-x86_64-debian-gcc 0.2.2 3.46 35.94 39.40 NOTE
r-devel-linux-x86_64-fedora-clang 0.2.2 73.49 NOTE
r-devel-linux-x86_64-fedora-gcc 0.2.2 70.42 NOTE
r-devel-windows-x86_64 0.2.2 24.00 75.00 99.00 NOTE
r-patched-linux-x86_64 0.2.2 4.39 44.12 48.51 NOTE
r-release-linux-x86_64 0.2.2 3.26 44.08 47.34 NOTE
r-release-macos-arm64 0.2.2 21.00 NOTE
r-release-macos-x86_64 0.2.2 32.00 NOTE
r-release-windows-x86_64 0.2.2 37.00 76.00 113.00 NOTE
r-oldrel-macos-arm64 0.2.2 30.00 NOTE
r-oldrel-macos-x86_64 0.2.2 35.00 NOTE
r-oldrel-windows-ix86+x86_64 0.2.2 11.00 77.00 88.00 NOTE

Check Details

Version: 0.2.2
Check: LazyData
Result: NOTE
     'LazyData' is specified without a 'data' directory
Flavors: r-devel-linux-x86_64-debian-clang, r-devel-linux-x86_64-debian-gcc, r-devel-linux-x86_64-fedora-clang, r-devel-linux-x86_64-fedora-gcc, r-devel-windows-x86_64, r-patched-linux-x86_64, r-release-linux-x86_64, r-release-macos-arm64, r-release-macos-x86_64, r-release-windows-x86_64, r-oldrel-macos-arm64, r-oldrel-macos-x86_64, r-oldrel-windows-ix86+x86_64