CRAN Package Check Results for Package ukpolice

Last updated on 2021-12-05 07:49:27 CET.

Flavor Version Tinstall Tcheck Ttotal Status Flags
r-devel-linux-x86_64-debian-clang 0.2.2 3.91 46.84 50.75 NOTE
r-devel-linux-x86_64-debian-gcc 0.2.2 3.06 36.31 39.37 NOTE
r-devel-linux-x86_64-fedora-clang 0.2.2 65.49 NOTE
r-devel-linux-x86_64-fedora-gcc 0.2.2 50.29 NOTE
r-devel-windows-x86_64-new-UL 0.2.2 11.00 78.00 89.00 NOTE
r-devel-windows-x86_64-new-TK 0.2.2 NOTE
r-devel-windows-x86_64-old 0.2.2 8.00 44.00 52.00 NOTE
r-patched-linux-x86_64 0.2.2 3.89 35.71 39.60 NOTE
r-release-linux-x86_64 0.2.2 3.93 43.23 47.16 NOTE
r-release-macos-arm64 0.2.2 NOTE
r-release-macos-x86_64 0.2.2 NOTE
r-release-windows-ix86+x86_64 0.2.2 8.00 59.00 67.00 NOTE
r-oldrel-macos-x86_64 0.2.2 OK
r-oldrel-windows-ix86+x86_64 0.2.2 9.00 62.00 71.00 OK

Check Details

Version: 0.2.2
Check: LazyData
Result: NOTE
     'LazyData' is specified without a 'data' directory
Flavors: r-devel-linux-x86_64-debian-clang, r-devel-linux-x86_64-debian-gcc, r-devel-linux-x86_64-fedora-clang, r-devel-linux-x86_64-fedora-gcc, r-devel-windows-x86_64-new-UL, r-devel-windows-x86_64-new-TK, r-devel-windows-x86_64-old, r-patched-linux-x86_64, r-release-linux-x86_64, r-release-macos-arm64, r-release-macos-x86_64, r-release-windows-ix86+x86_64