CRAN Package Check Results for Package uklr

Last updated on 2023-09-27 21:01:38 CEST.

Flavor Version Tinstall Tcheck Ttotal Status Flags
r-devel-linux-x86_64-debian-clang 1.0.2 11.85 64.67 76.52 NOTE
r-devel-linux-x86_64-debian-gcc 1.0.2 12.13 50.00 62.13 NOTE
r-devel-linux-x86_64-fedora-clang 1.0.2 95.78 NOTE
r-devel-linux-x86_64-fedora-gcc 1.0.2 106.40 NOTE
r-devel-windows-x86_64 1.0.2 14.00 74.00 88.00 NOTE
r-patched-linux-x86_64 1.0.2 11.08 60.30 71.38 NOTE
r-release-linux-x86_64 1.0.2 11.87 60.42 72.29 NOTE
r-release-macos-arm64 1.0.2 46.00 NOTE
r-release-macos-x86_64 1.0.2 72.00 NOTE
r-release-windows-x86_64 1.0.2 15.00 85.00 100.00 NOTE
r-oldrel-macos-arm64 1.0.2 80.00 NOTE
r-oldrel-macos-x86_64 1.0.2 58.00 OK
r-oldrel-windows-x86_64 1.0.2 17.00 86.00 103.00 OK

Check Details

Version: 1.0.2
Check: package subdirectories
Result: NOTE
    Problems with news in ‘NEWS.md’:
     Cannot extract version info from the following section titles:
     uktrans_get is fixed when start_date is used (#2)
     Extra layer of of NULL returns to fail gracefully with an informative message.
     Removed travis & appveyor and using gh_actions instead.
     Using gh-pages to create the pkgdown website.
     Create an app as vignette page to search with the help of uklr.
Flavors: r-devel-linux-x86_64-debian-clang, r-devel-linux-x86_64-debian-gcc, r-devel-linux-x86_64-fedora-clang, r-devel-linux-x86_64-fedora-gcc, r-devel-windows-x86_64, r-patched-linux-x86_64, r-release-linux-x86_64, r-release-macos-arm64, r-release-macos-x86_64, r-release-windows-x86_64

Version: 1.0.2
Check: installed package size
Result: NOTE
     installed size is 5.4Mb
     sub-directories of 1Mb or more:
     data 5.1Mb
Flavors: r-release-macos-arm64, r-release-macos-x86_64, r-oldrel-macos-arm64