CRAN Package Check Results for Package uklr

Last updated on 2024-07-14 09:51:39 CEST.

Flavor Version Tinstall Tcheck Ttotal Status Flags
r-devel-linux-x86_64-debian-clang 1.0.2 13.14 67.16 80.30 NOTE
r-devel-linux-x86_64-debian-gcc 1.0.2 11.57 50.79 62.36 NOTE
r-devel-linux-x86_64-fedora-clang 1.0.2 103.16 NOTE
r-devel-linux-x86_64-fedora-gcc 1.0.2 108.39 NOTE
r-devel-windows-x86_64 1.0.2 13.00 75.00 88.00 NOTE
r-patched-linux-x86_64 1.0.2 10.78 62.80 73.58 NOTE
r-release-linux-x86_64 1.0.2 10.38 63.43 73.81 NOTE
r-release-macos-arm64 1.0.2 58.00 NOTE
r-release-macos-x86_64 1.0.2 78.00 NOTE
r-release-windows-x86_64 1.0.2 12.00 77.00 89.00 NOTE
r-oldrel-macos-arm64 1.0.2 46.00 NOTE
r-oldrel-macos-x86_64 1.0.2 72.00 NOTE
r-oldrel-windows-x86_64 1.0.2 17.00 82.00 99.00 NOTE

Check Details

Version: 1.0.2
Check: package subdirectories
Result: NOTE Problems with news in ‘NEWS.md’: Cannot extract version info from the following section titles: uktrans_get is fixed when start_date is used (#2) Extra layer of of NULL returns to fail gracefully with an informative message. Removed travis & appveyor and using gh_actions instead. Using gh-pages to create the pkgdown website. Create an app as vignette page to search with the help of uklr. Flavors: r-devel-linux-x86_64-debian-clang, r-devel-linux-x86_64-debian-gcc, r-devel-linux-x86_64-fedora-clang, r-devel-linux-x86_64-fedora-gcc, r-devel-windows-x86_64, r-patched-linux-x86_64, r-release-linux-x86_64, r-release-macos-arm64, r-release-macos-x86_64, r-release-windows-x86_64, r-oldrel-macos-arm64, r-oldrel-macos-x86_64, r-oldrel-windows-x86_64

Version: 1.0.2
Check: installed package size
Result: NOTE installed size is 5.6Mb sub-directories of 1Mb or more: data 5.3Mb Flavors: r-release-macos-arm64, r-release-macos-x86_64, r-oldrel-macos-arm64, r-oldrel-macos-x86_64