CRAN Package Check Results for Package ui

Last updated on 2024-07-14 09:51:39 CEST.

Flavor Version Tinstall Tcheck Ttotal Status Flags
r-devel-linux-x86_64-debian-clang 0.1.1 10.03 87.53 97.56 NOTE
r-devel-linux-x86_64-debian-gcc 0.1.1 8.38 62.97 71.35 NOTE
r-devel-linux-x86_64-fedora-clang 0.1.1 120.79 NOTE
r-devel-linux-x86_64-fedora-gcc 0.1.1 110.66 NOTE
r-devel-windows-x86_64 0.1.1 9.00 78.00 87.00 NOTE
r-patched-linux-x86_64 0.1.1 11.40 80.82 92.22 NOTE
r-release-linux-x86_64 0.1.1 10.71 80.81 91.52 NOTE
r-release-macos-arm64 0.1.1 33.00 NOTE
r-release-macos-x86_64 0.1.1 53.00 NOTE
r-release-windows-x86_64 0.1.1 10.00 79.00 89.00 NOTE
r-oldrel-macos-arm64 0.1.1 37.00 NOTE
r-oldrel-macos-x86_64 0.1.1 60.00 NOTE
r-oldrel-windows-x86_64 0.1.1 12.00 91.00 103.00 NOTE

Check Details

Version: 0.1.1
Check: LazyData
Result: NOTE 'LazyData' is specified without a 'data' directory Flavors: r-devel-linux-x86_64-debian-clang, r-devel-linux-x86_64-debian-gcc, r-devel-linux-x86_64-fedora-clang, r-devel-linux-x86_64-fedora-gcc, r-devel-windows-x86_64, r-patched-linux-x86_64, r-release-linux-x86_64, r-release-macos-arm64, r-release-macos-x86_64, r-release-windows-x86_64, r-oldrel-macos-arm64, r-oldrel-macos-x86_64, r-oldrel-windows-x86_64