CRAN Package Check Results for Package ui

Last updated on 2024-02-26 07:50:17 CET.

Flavor Version Tinstall Tcheck Ttotal Status Flags
r-devel-linux-x86_64-debian-clang 0.1.1 7.31 85.00 92.31 NOTE
r-devel-linux-x86_64-debian-gcc 0.1.1 7.40 64.82 72.22 NOTE
r-devel-linux-x86_64-fedora-clang 0.1.1 116.06 NOTE
r-devel-linux-x86_64-fedora-gcc 0.1.1 112.42 NOTE
r-devel-windows-x86_64 0.1.1 9.00 79.00 88.00 NOTE
r-patched-linux-x86_64 0.1.1 8.35 84.00 92.35 NOTE
r-release-linux-x86_64 0.1.1 10.42 85.87 96.29 NOTE
r-release-macos-arm64 0.1.1 37.00 NOTE
r-release-macos-x86_64 0.1.1 60.00 NOTE
r-release-windows-x86_64 0.1.1 11.00 94.00 105.00 NOTE
r-oldrel-macos-arm64 0.1.1 33.00 NOTE
r-oldrel-windows-x86_64 0.1.1 11.00 95.00 106.00 NOTE

Check Details

Version: 0.1.1
Check: LazyData
Result: NOTE 'LazyData' is specified without a 'data' directory Flavors: r-devel-linux-x86_64-debian-clang, r-devel-linux-x86_64-debian-gcc, r-devel-linux-x86_64-fedora-clang, r-devel-linux-x86_64-fedora-gcc, r-devel-windows-x86_64, r-patched-linux-x86_64, r-release-linux-x86_64, r-release-macos-arm64, r-release-macos-x86_64, r-release-windows-x86_64, r-oldrel-macos-arm64, r-oldrel-windows-x86_64