Last updated on 2023-03-24 07:54:56 CET.
Flavor | Version | Tinstall | Tcheck | Ttotal | Status | Flags |
---|---|---|---|---|---|---|
r-devel-linux-x86_64-debian-clang | 0.5.2 | 14.67 | 130.98 | 145.65 | OK | |
r-devel-linux-x86_64-debian-gcc | 0.5.2 | 12.87 | 95.81 | 108.68 | OK | |
r-devel-linux-x86_64-fedora-clang | 0.5.2 | 189.74 | OK | |||
r-devel-linux-x86_64-fedora-gcc | 0.5.2 | 182.70 | OK | |||
r-patched-linux-x86_64 | 0.5.2 | 21.20 | 114.86 | 136.06 | OK | |
r-release-linux-x86_64 | 0.5.2 | 16.65 | 115.54 | 132.19 | OK | |
r-release-macos-arm64 | 0.5.2 | 55.00 | OK | |||
r-release-macos-x86_64 | 0.5.2 | 90.00 | OK | |||
r-release-windows-x86_64 | 0.5.2 | 103.00 | 179.00 | 282.00 | OK | |
r-oldrel-macos-arm64 | 0.5.2 | 54.00 | OK | |||
r-oldrel-macos-x86_64 | 0.5.2 | 70.00 | OK | |||
r-oldrel-windows-ix86+x86_64 | 0.5.2 | 29.00 | 162.00 | 191.00 | NOTE |
Version: 0.5.2
Check: dependencies in R code
Result: NOTE
Initiating curl with CURL_SSL_BACKEND: openssl
Flavor: r-oldrel-windows-ix86+x86_64