CRAN Package Check Results for Package ufs

Last updated on 2020-11-28 19:47:16 CET.

Flavor Version Tinstall Tcheck Ttotal Status Flags
r-devel-linux-x86_64-debian-clang 0.4.0 14.82 106.48 121.30 OK
r-devel-linux-x86_64-debian-gcc 0.4.0 13.88 80.31 94.19 OK
r-devel-linux-x86_64-fedora-clang 0.4.0 145.54 NOTE
r-devel-linux-x86_64-fedora-gcc 0.4.0 146.23 NOTE
r-devel-windows-ix86+x86_64 0.4.0 25.00 116.00 141.00 OK
r-patched-linux-x86_64 0.4.0 13.94 105.26 119.20 NOTE
r-patched-solaris-x86 0.4.0 162.30 NOTE
r-release-linux-x86_64 0.4.0 16.90 103.36 120.26 OK
r-release-macos-x86_64 0.4.0 NOTE
r-release-windows-ix86+x86_64 0.4.0 20.00 104.00 124.00 OK
r-oldrel-macos-x86_64 0.4.0 NOTE
r-oldrel-windows-ix86+x86_64 0.4.0 19.00 114.00 133.00 NOTE

Check Details

Version: 0.4.0
Check: dependencies in R code
Result: NOTE
    Namespace in Imports field not imported from: ‘viridis’
     All declared Imports should be used.
Flavors: r-devel-linux-x86_64-fedora-clang, r-devel-linux-x86_64-fedora-gcc, r-patched-solaris-x86, r-release-macos-x86_64, r-oldrel-macos-x86_64

Version: 0.4.0
Check: Rd cross-references
Result: NOTE
    Undeclared package ‘behaviorchange’ in Rd xrefs
Flavor: r-devel-linux-x86_64-fedora-clang

Version: 0.4.0
Check: package dependencies
Result: NOTE
    Package suggested but not available for checking: ‘MBESS’
Flavor: r-patched-linux-x86_64

Version: 0.4.0
Check: R code for possible problems
Result: NOTE
    biDimColors: no visible global function definition for ‘plot’
    uniDimColors: no visible global function definition for ‘plot’
    Undefined global functions or variables:
     plot
    Consider adding
     importFrom("graphics", "plot")
    to your NAMESPACE file.
Flavors: r-oldrel-macos-x86_64, r-oldrel-windows-ix86+x86_64