CRAN Package Check Results for Package ufs

Last updated on 2020-01-25 08:50:18 CET.

Flavor Version Tinstall Tcheck Ttotal Status Flags
r-devel-linux-x86_64-debian-clang 0.3.1 11.68 97.01 108.69 OK
r-devel-linux-x86_64-debian-gcc 0.3.1 8.50 73.15 81.65 OK
r-devel-linux-x86_64-fedora-clang 0.3.1 138.52 NOTE
r-devel-linux-x86_64-fedora-gcc 0.3.1 128.33 NOTE
r-devel-windows-ix86+x86_64 0.3.1 34.00 158.00 192.00 OK
r-devel-windows-ix86+x86_64-gcc8 0.3.1 36.00 118.00 154.00 OK
r-patched-linux-x86_64 0.3.1 8.86 86.96 95.82 OK
r-patched-solaris-x86 0.3.1 156.00 NOTE
r-release-linux-x86_64 0.3.1 9.09 86.88 95.97 OK
r-release-windows-ix86+x86_64 0.3.1 18.00 140.00 158.00 OK
r-release-osx-x86_64 0.3.1 NOTE
r-oldrel-windows-ix86+x86_64 0.3.1 17.00 96.00 113.00 OK
r-oldrel-osx-x86_64 0.3.1 NOTE

Check Details

Version: 0.3.1
Check: dependencies in R code
Result: NOTE
    Namespace in Imports field not imported from: ‘viridis’
     All declared Imports should be used.
Flavors: r-devel-linux-x86_64-fedora-clang, r-devel-linux-x86_64-fedora-gcc, r-patched-solaris-x86, r-release-osx-x86_64, r-oldrel-osx-x86_64