CRAN Package Check Results for Package ufs

Last updated on 2019-08-23 10:48:27 CEST.

Flavor Version Tinstall Tcheck Ttotal Status Flags
r-devel-linux-x86_64-debian-clang 0.3.0 9.57 80.63 90.20 OK
r-devel-linux-x86_64-debian-gcc 0.3.0 8.92 61.14 70.06 OK
r-devel-linux-x86_64-fedora-clang 0.3.1 119.31 NOTE
r-devel-linux-x86_64-fedora-gcc 0.3.1 118.34 NOTE
r-devel-windows-ix86+x86_64 0.3.0 20.00 139.00 159.00 OK
r-patched-linux-x86_64 0.3.0 10.14 80.63 90.77 OK
r-patched-solaris-x86 0.3.1 152.00 NOTE
r-release-linux-x86_64 0.3.0 9.40 81.67 91.07 OK
r-release-windows-ix86+x86_64 0.3.0 27.00 256.00 283.00 OK
r-release-osx-x86_64 0.3.0 NOTE
r-oldrel-windows-ix86+x86_64 0.3.0 23.00 141.00 164.00 OK
r-oldrel-osx-x86_64 0.3.0 NOTE

Check Details

Version: 0.3.1
Check: dependencies in R code
Result: NOTE
    Namespace in Imports field not imported from: ‘viridis’
     All declared Imports should be used.
Flavors: r-devel-linux-x86_64-fedora-clang, r-devel-linux-x86_64-fedora-gcc, r-patched-solaris-x86

Version: 0.3.0
Check: dependencies in R code
Result: NOTE
    Namespace in Imports field not imported from: ‘viridis’
     All declared Imports should be used.
Flavors: r-release-osx-x86_64, r-oldrel-osx-x86_64