CRAN Package Check Results for Package udunits2

Last updated on 2022-01-18 20:50:57 CET.

Flavor Version Tinstall Tcheck Ttotal Status Flags
r-devel-linux-x86_64-debian-clang 0.13.2 4.63 30.63 35.26 OK
r-devel-linux-x86_64-debian-gcc 0.13.2 3.00 23.87 26.87 OK
r-devel-linux-x86_64-fedora-clang 0.13.2 44.03 OK
r-devel-linux-x86_64-fedora-gcc 0.13.2 32.22 OK
r-devel-windows-x86_64-new-UL 0.13.2 28.00 57.00 85.00 OK
r-devel-windows-x86_64-new-TK 0.13.2 OK
r-patched-linux-x86_64 0.13.2 3.48 29.27 32.75 OK
r-release-linux-x86_64 0.13.2 OK
r-release-macos-arm64 0.13.2 OK
r-release-macos-x86_64 0.13.2 WARN --as-cran
r-release-windows-ix86+x86_64 0.13.2 10.00 42.00 52.00 OK
r-oldrel-macos-x86_64 0.13.1 ERROR
r-oldrel-windows-ix86+x86_64 0.13.2 10.00 41.00 51.00 OK

Check Details

Version: 0.13.2
Flags: --as-cran
Check: CRAN incoming feasibility
Result: WARN
    Maintainer: ‘ORPHANED’
    
    Insufficient package version (submitted: 0.13.2, existing: 0.13.2)
    
    Days since last update: 1
    
    CRAN repository db overrides:
     X-CRAN-Comment: Orphaned on 2022-01-06 as installation problems were
     not corrected.
     Maintainer: ORPHANED
    
    The Date field is over a month old.
Flavor: r-release-macos-x86_64

Version: 0.13.2
Flags: --as-cran
Check: top-level files
Result: WARN
    A complete check needs the 'checkbashisms' script.
    See section ‘Configure and cleanup’ in the ‘Writing R Extensions’
    manual.
Flavor: r-release-macos-x86_64

Version: 0.13.1
Check: whether package can be installed
Result: ERROR
    Installation failed.
Flavor: r-oldrel-macos-x86_64