CRAN Package Check Results for Package uclust

Last updated on 2021-09-23 08:51:27 CEST.

Flavor Version Tinstall Tcheck Ttotal Status Flags
r-devel-linux-x86_64-debian-clang 1.0.0 7.55 88.83 96.38 OK
r-devel-linux-x86_64-debian-gcc 1.0.0 6.68 62.97 69.65 OK
r-devel-linux-x86_64-fedora-clang 1.0.0 120.72 OK
r-devel-linux-x86_64-fedora-gcc 1.0.0 107.59 OK
r-devel-windows-x86_64 1.0.0 11.00 82.00 93.00 OK
r-devel-windows-x86_64-gcc10-UCRT 1.0.0 ERROR
r-patched-linux-x86_64 1.0.0 8.55 83.37 91.92 OK
r-patched-solaris-x86 1.0.0 156.80 OK
r-release-linux-x86_64 1.0.0 6.07 82.38 88.45 OK
r-release-macos-arm64 1.0.0 OK
r-release-macos-x86_64 1.0.0 OK
r-release-windows-ix86+x86_64 1.0.0 17.00 82.00 99.00 OK
r-oldrel-macos-x86_64 1.0.0 OK
r-oldrel-windows-ix86+x86_64 1.0.0 14.00 84.00 98.00 OK

Check Details

Version: 1.0.0
Check: PDF version of manual
Result: WARN
    LaTeX errors when creating PDF version.
    This typically indicates Rd problems.
Flavor: r-devel-windows-x86_64-gcc10-UCRT

Version: 1.0.0
Check: PDF version of manual without hyperrefs or index
Result: ERROR
    Re-running with no redirection of stdout/stderr.
Flavor: r-devel-windows-x86_64-gcc10-UCRT