CRAN Package Check Results for Package ubiquity

Last updated on 2021-12-04 07:50:38 CET.

Flavor Version Tinstall Tcheck Ttotal Status Flags
r-devel-linux-x86_64-debian-clang 2.0.0 19.57 146.89 166.46 OK
r-devel-linux-x86_64-debian-gcc 2.0.0 15.37 108.62 123.99 OK
r-devel-linux-x86_64-fedora-clang 2.0.0 207.13 NOTE
r-devel-linux-x86_64-fedora-gcc 2.0.0 182.10 OK
r-devel-windows-x86_64-new-UL 2.0.0 49.00 240.00 289.00 NOTE
r-devel-windows-x86_64-new-TK 2.0.0 OK
r-devel-windows-x86_64-old 2.0.0 30.00 142.00 172.00 NOTE
r-patched-linux-x86_64 2.0.0 17.15 141.32 158.47 OK
r-release-linux-x86_64 2.0.0 18.53 141.48 160.01 OK
r-release-macos-arm64 2.0.0 NOTE
r-release-macos-x86_64 2.0.0 NOTE
r-release-windows-ix86+x86_64 2.0.0 37.00 195.00 232.00 NOTE
r-oldrel-macos-x86_64 2.0.0 NOTE
r-oldrel-windows-ix86+x86_64 2.0.0 38.00 199.00 237.00 NOTE

Check Details

Version: 2.0.0
Check: installed package size
Result: NOTE
     installed size is 10.0Mb
     sub-directories of 1Mb or more:
     doc 7.1Mb
     ubinc 2.0Mb
Flavors: r-devel-linux-x86_64-fedora-clang, r-devel-windows-x86_64-new-UL, r-devel-windows-x86_64-old, r-release-macos-arm64, r-release-macos-x86_64, r-release-windows-ix86+x86_64, r-oldrel-macos-x86_64, r-oldrel-windows-ix86+x86_64