CRAN Package Check Results for Package u5mr

Last updated on 2021-11-30 19:51:40 CET.

Flavor Version Tinstall Tcheck Ttotal Status Flags
r-devel-linux-x86_64-debian-clang 0.1.1 24.12 33.13 57.25 OK
r-devel-linux-x86_64-debian-gcc 0.1.1 20.94 26.79 47.73 OK
r-devel-linux-x86_64-fedora-clang 0.1.1 92.85 NOTE
r-devel-linux-x86_64-fedora-gcc 0.1.1 78.28 NOTE
r-devel-windows-x86_64-new-UL 0.1.1 36.00 79.00 115.00 OK
r-devel-windows-x86_64-new-TK 0.1.1 NOTE
r-devel-windows-x86_64-old 0.1.1 36.00 44.00 80.00 OK
r-patched-linux-x86_64 0.1.1 25.30 32.42 57.72 OK
r-patched-solaris-x86 0.1.1 182.00 NOTE
r-release-linux-x86_64 0.1.1 22.98 32.40 55.38 OK
r-release-macos-arm64 0.1.1 NOTE
r-release-macos-x86_64 0.1.1 NOTE
r-release-windows-ix86+x86_64 0.1.1 37.00 39.00 76.00 OK
r-oldrel-macos-x86_64 0.1.1 NOTE
r-oldrel-windows-ix86+x86_64 0.1.1 26.00 52.00 78.00 OK

Check Details

Version: 0.1.1
Check: dependencies in R code
Result: NOTE
    Namespace in Imports field not imported from: ‘lifecycle’
     All declared Imports should be used.
Flavors: r-devel-linux-x86_64-fedora-clang, r-devel-linux-x86_64-fedora-gcc, r-devel-windows-x86_64-new-TK, r-patched-solaris-x86, r-release-macos-arm64, r-release-macos-x86_64, r-oldrel-macos-x86_64