Last updated on 2023-01-31 19:56:38 CET.
Flavor | Version | Tinstall | Tcheck | Ttotal | Status | Flags |
---|---|---|---|---|---|---|
r-devel-linux-x86_64-debian-clang | 0.2.3 | 10.16 | 58.80 | 68.96 | OK | |
r-devel-linux-x86_64-debian-gcc | 0.2.3 | 8.71 | 45.30 | 54.01 | OK | |
r-devel-linux-x86_64-fedora-clang | 0.2.3 | 95.10 | NOTE | |||
r-devel-linux-x86_64-fedora-gcc | 0.2.3 | 107.96 | NOTE | |||
r-devel-windows-x86_64 | 0.2.3 | 22.00 | 98.00 | 120.00 | OK | |
r-patched-linux-x86_64 | 0.2.3 | 8.82 | 61.08 | 69.90 | OK | |
r-release-linux-x86_64 | 0.2.3 | 10.09 | 61.86 | 71.95 | OK | |
r-release-macos-arm64 | 0.2.3 | 46.00 | NOTE | |||
r-release-macos-x86_64 | 0.2.3 | 46.00 | NOTE | |||
r-release-windows-x86_64 | 0.2.3 | 21.00 | 106.00 | 127.00 | OK | |
r-oldrel-macos-arm64 | 0.2.3 | 38.00 | NOTE | |||
r-oldrel-macos-x86_64 | 0.2.3 | 48.00 | NOTE | |||
r-oldrel-windows-ix86+x86_64 | 0.2.3 | 22.00 | 96.00 | 118.00 | OK |
Version: 0.2.3
Check: data for non-ASCII characters
Result: NOTE
Note: found 9 marked UTF-8 strings
Flavors: r-devel-linux-x86_64-fedora-clang, r-devel-linux-x86_64-fedora-gcc, r-release-macos-arm64, r-release-macos-x86_64, r-oldrel-macos-arm64, r-oldrel-macos-x86_64