CRAN Package Check Results for Package twn

Last updated on 2024-03-04 07:48:44 CET.

Flavor Version Tinstall Tcheck Ttotal Status Flags
r-devel-linux-x86_64-debian-clang 0.2.4 10.20 57.54 67.74 OK
r-devel-linux-x86_64-debian-gcc 0.2.4 9.30 44.65 53.95 OK
r-devel-linux-x86_64-fedora-clang 0.2.4 87.84 NOTE
r-devel-linux-x86_64-fedora-gcc 0.2.4 94.69 NOTE
r-devel-windows-x86_64 0.2.4 13.00 70.00 83.00 OK
r-patched-linux-x86_64 0.2.4 10.08 56.76 66.84 OK
r-release-linux-x86_64 0.2.4 10.31 56.98 67.29 OK
r-release-macos-arm64 0.2.4 42.00 OK
r-release-macos-x86_64 0.2.4 81.00 OK
r-release-windows-x86_64 0.2.4 14.00 76.00 90.00 OK
r-oldrel-macos-arm64 0.2.4 36.00 OK
r-oldrel-windows-x86_64 0.2.4 15.00 76.00 91.00 OK

Check Details

Version: 0.2.4
Check: data for non-ASCII characters
Result: NOTE Note: found 9 marked UTF-8 strings Flavors: r-devel-linux-x86_64-fedora-clang, r-devel-linux-x86_64-fedora-gcc