CRAN Package Check Results for Package twfy

Last updated on 2024-02-26 19:50:25 CET.

Flavor Version Tinstall Tcheck Ttotal Status Flags
r-devel-linux-x86_64-debian-clang 0.1.0 2.07 27.93 30.00 NOTE
r-devel-linux-x86_64-debian-gcc 0.1.0 1.65 21.67 23.32 NOTE
r-devel-linux-x86_64-fedora-clang 0.1.0 37.87 NOTE
r-devel-linux-x86_64-fedora-gcc 0.1.0 47.33 NOTE
r-devel-windows-x86_64 0.1.0 3.00 48.00 51.00 NOTE
r-patched-linux-x86_64 0.1.0 3.09 26.63 29.72 NOTE
r-release-linux-x86_64 0.1.0 2.19 26.60 28.79 NOTE
r-release-macos-arm64 0.1.0 25.00 NOTE
r-release-macos-x86_64 0.1.0 45.00 NOTE
r-release-windows-x86_64 0.1.0 4.00 48.00 52.00 NOTE
r-oldrel-macos-arm64 0.1.0 15.00 NOTE
r-oldrel-windows-x86_64 0.1.0 4.00 48.00 52.00 NOTE

Check Details

Version: 0.1.0
Check: Rd files
Result: NOTE checkRd: (-1) getComments.Rd:25: Lost braces in \itemize; \value handles \item{}{} directly checkRd: (-1) getComments.Rd:26: Lost braces in \itemize; \value handles \item{}{} directly checkRd: (-1) getComments.Rd:28: Lost braces in \itemize; \value handles \item{}{} directly checkRd: (-1) getComments.Rd:29: Lost braces in \itemize; \value handles \item{}{} directly checkRd: (-1) getComments.Rd:32: Lost braces in \itemize; \value handles \item{}{} directly checkRd: (-1) getComments.Rd:33: Lost braces in \itemize; \value handles \item{}{} directly checkRd: (-1) getComments.Rd:34: Lost braces in \itemize; \value handles \item{}{} directly checkRd: (-1) getComments.Rd:35: Lost braces in \itemize; \value handles \item{}{} directly checkRd: (-1) getConstituency.Rd:19: Lost braces in \itemize; \value handles \item{}{} directly checkRd: (-1) getConstituency.Rd:20: Lost braces in \itemize; \value handles \item{}{} directly checkRd: (-1) getConstituency.Rd:21: Lost braces in \itemize; \value handles \item{}{} directly checkRd: (-1) getConstituency.Rd:22: Lost braces in \itemize; \value handles \item{}{} directly checkRd: (-1) getConstituency.Rd:23: Lost braces in \itemize; \value handles \item{}{} directly checkRd: (-1) getConstituency.Rd:24: Lost braces in \itemize; \value handles \item{}{} directly checkRd: (-1) getGeometry.Rd:14: Lost braces in \itemize; \value handles \item{}{} directly checkRd: (-1) getGeometry.Rd:15: Lost braces in \itemize; \value handles \item{}{} directly checkRd: (-1) getGeometry.Rd:16: Lost braces in \itemize; \value handles \item{}{} directly checkRd: (-1) getGeometry.Rd:17: Lost braces in \itemize; \value handles \item{}{} directly checkRd: (-1) getGeometry.Rd:18: Lost braces in \itemize; \value handles \item{}{} directly checkRd: (-1) getGeometry.Rd:19: Lost braces in \itemize; \value handles \item{}{} directly checkRd: (-1) getGeometry.Rd:20: Lost braces in \itemize; \value handles \item{}{} directly checkRd: (-1) getGeometry.Rd:21: Lost braces in \itemize; \value handles \item{}{} directly checkRd: (-1) getLord.Rd:15: Lost braces in \itemize; \value handles \item{}{} directly checkRd: (-1) getLord.Rd:16-17: Lost braces in \itemize; \value handles \item{}{} directly checkRd: (-1) getLord.Rd:18: Lost braces in \itemize; \value handles \item{}{} directly checkRd: (-1) getLord.Rd:19: Lost braces in \itemize; \value handles \item{}{} directly checkRd: (-1) getLord.Rd:20: Lost braces in \itemize; \value handles \item{}{} directly checkRd: (-1) getLord.Rd:21-22: Lost braces in \itemize; \value handles \item{}{} directly checkRd: (-1) getLord.Rd:23: Lost braces in \itemize; \value handles \item{}{} directly checkRd: (-1) getLord.Rd:24: Lost braces in \itemize; \value handles \item{}{} directly checkRd: (-1) getLord.Rd:25: Lost braces in \itemize; \value handles \item{}{} directly checkRd: (-1) getLord.Rd:26: Lost braces in \itemize; \value handles \item{}{} directly checkRd: (-1) getLord.Rd:27: Lost braces in \itemize; \value handles \item{}{} directly checkRd: (-1) getLord.Rd:28: Lost braces in \itemize; \value handles \item{}{} directly checkRd: (-1) getLord.Rd:29: Lost braces in \itemize; \value handles \item{}{} directly checkRd: (-1) getLord.Rd:30: Lost braces in \itemize; \value handles \item{}{} directly checkRd: (-1) getLord.Rd:31: Lost braces in \itemize; \value handles \item{}{} directly checkRd: (-1) getLords.Rd:19: Lost braces in \itemize; \value handles \item{}{} directly checkRd: (-1) getLords.Rd:20: Lost braces in \itemize; \value handles \item{}{} directly checkRd: (-1) getLords.Rd:21: Lost braces in \itemize; \value handles \item{}{} directly checkRd: (-1) getLords.Rd:22: Lost braces in \itemize; \value handles \item{}{} directly checkRd: (-1) getLords.Rd:23-32: Lost braces in \itemize; \value handles \item{}{} directly checkRd: (-1) getLords.Rd:26: Lost braces in \itemize; \value handles \item{}{} directly checkRd: (-1) getLords.Rd:27: Lost braces in \itemize; \value handles \item{}{} directly checkRd: (-1) getLords.Rd:28: Lost braces in \itemize; \value handles \item{}{} directly checkRd: (-1) getLords.Rd:29-30: Lost braces in \itemize; \value handles \item{}{} directly checkRd: (-1) getMLA.Rd:23: Lost braces in \itemize; \value handles \item{}{} directly checkRd: (-1) getMLA.Rd:24: Lost braces in \itemize; \value handles \item{}{} directly checkRd: (-1) getMLA.Rd:25: Lost braces in \itemize; \value handles \item{}{} directly checkRd: (-1) getMLA.Rd:26: Lost braces in \itemize; \value handles \item{}{} directly checkRd: (-1) getMLA.Rd:27: Lost braces in \itemize; \value handles \item{}{} directly checkRd: (-1) getMLA.Rd:28: Lost braces in \itemize; \value handles \item{}{} directly checkRd: (-1) getMLA.Rd:29: Lost braces in \itemize; \value handles \item{}{} directly checkRd: (-1) getMLA.Rd:30: Lost braces in \itemize; \value handles \item{}{} directly checkRd: (-1) getMLA.Rd:31: Lost braces in \itemize; \value handles \item{}{} directly checkRd: (-1) getMLA.Rd:32: Lost braces in \itemize; \value handles \item{}{} directly checkRd: (-1) getMLA.Rd:33: Lost braces in \itemize; \value handles \item{}{} directly checkRd: (-1) getMLA.Rd:34: Lost braces in \itemize; \value handles \item{}{} directly checkRd: (-1) getMLA.Rd:35: Lost braces in \itemize; \value handles \item{}{} directly checkRd: (-1) getMLA.Rd:36: Lost braces in \itemize; \value handles \item{}{} directly checkRd: (-1) getMLA.Rd:37: Lost braces in \itemize; \value handles \item{}{} directly checkRd: (-1) getMLA.Rd:38: Lost braces in \itemize; \value handles \item{}{} directly checkRd: (-1) getMLA.Rd:39: Lost braces in \itemize; \value handles \item{}{} directly checkRd: (-1) getMLA.Rd:40: Lost braces in \itemize; \value handles \item{}{} directly checkRd: (-1) getMLAs.Rd:18: Lost braces in \itemize; \value handles \item{}{} directly checkRd: (-1) getMLAs.Rd:19: Lost braces in \itemize; \value handles \item{}{} directly checkRd: (-1) getMLAs.Rd:20: Lost braces in \itemize; \value handles \item{}{} directly checkRd: (-1) getMLAs.Rd:21: Lost braces in \itemize; \value handles \item{}{} directly checkRd: (-1) getMLAs.Rd:22: Lost braces in \itemize; \value handles \item{}{} directly checkRd: (-1) getMP.Rd:23: Lost braces in \itemize; \value handles \item{}{} directly checkRd: (-1) getMP.Rd:24: Lost braces in \itemize; \value handles \item{}{} directly checkRd: (-1) getMP.Rd:25: Lost braces in \itemize; \value handles \item{}{} directly checkRd: (-1) getMP.Rd:26: Lost braces in \itemize; \value handles \item{}{} directly checkRd: (-1) getMP.Rd:27: Lost braces in \itemize; \value handles \item{}{} directly checkRd: (-1) getMP.Rd:28: Lost braces in \itemize; \value handles \item{}{} directly checkRd: (-1) getMP.Rd:29: Lost braces in \itemize; \value handles \item{}{} directly checkRd: (-1) getMP.Rd:30: Lost braces in \itemize; \value handles \item{}{} directly checkRd: (-1) getMP.Rd:31: Lost braces in \itemize; \value handles \item{}{} directly checkRd: (-1) getMP.Rd:32: Lost braces in \itemize; \value handles \item{}{} directly checkRd: (-1) getMP.Rd:33: Lost braces in \itemize; \value handles \item{}{} directly checkRd: (-1) getMP.Rd:34: Lost braces in \itemize; \value handles \item{}{} directly checkRd: (-1) getMP.Rd:35: Lost braces in \itemize; \value handles \item{}{} directly checkRd: (-1) getMP.Rd:36: Lost braces in \itemize; \value handles \item{}{} directly checkRd: (-1) getMP.Rd:37: Lost braces in \itemize; \value handles \item{}{} directly checkRd: (-1) getMP.Rd:38: Lost braces in \itemize; \value handles \item{}{} directly checkRd: (-1) getMP.Rd:39: Lost braces in \itemize; \value handles \item{}{} directly checkRd: (-1) getMP.Rd:40: Lost braces in \itemize; \value handles \item{}{} directly checkRd: (-1) getMPs.Rd:18: Lost braces in \itemize; \value handles \item{}{} directly checkRd: (-1) getMPs.Rd:19: Lost braces in \itemize; \value handles \item{}{} directly checkRd: (-1) getMPs.Rd:20: Lost braces in \itemize; \value handles \item{}{} directly checkRd: (-1) getMPs.Rd:21: Lost braces in \itemize; \value handles \item{}{} directly checkRd: (-1) getMPs.Rd:22: Lost braces in \itemize; \value handles \item{}{} directly checkRd: (-1) getMPs.Rd:23-32: Lost braces in \itemize; \value handles \item{}{} directly checkRd: (-1) getMPs.Rd:26: Lost braces in \itemize; \value handles \item{}{} directly checkRd: (-1) getMPs.Rd:27: Lost braces in \itemize; \value handles \item{}{} directly checkRd: (-1) getMPs.Rd:28: Lost braces in \itemize; \value handles \item{}{} directly checkRd: (-1) getMPs.Rd:29-30: Lost braces in \itemize; \value handles \item{}{} directly checkRd: (-1) getMSP.Rd:23: Lost braces in \itemize; \value handles \item{}{} directly checkRd: (-1) getMSP.Rd:24: Lost braces in \itemize; \value handles \item{}{} directly checkRd: (-1) getMSP.Rd:25: Lost braces in \itemize; \value handles \item{}{} directly checkRd: (-1) getMSP.Rd:26: Lost braces in \itemize; \value handles \item{}{} directly checkRd: (-1) getMSP.Rd:27: Lost braces in \itemize; \value handles \item{}{} directly checkRd: (-1) getMSP.Rd:28: Lost braces in \itemize; \value handles \item{}{} directly checkRd: (-1) getMSP.Rd:29: Lost braces in \itemize; \value handles \item{}{} directly checkRd: (-1) getMSP.Rd:30: Lost braces in \itemize; \value handles \item{}{} directly checkRd: (-1) getMSP.Rd:31: Lost braces in \itemize; \value handles \item{}{} directly checkRd: (-1) getMSP.Rd:32: Lost braces in \itemize; \value handles \item{}{} directly checkRd: (-1) getMSP.Rd:33: Lost braces in \itemize; \value handles \item{}{} directly checkRd: (-1) getMSP.Rd:34: Lost braces in \itemize; \value handles \item{}{} directly checkRd: (-1) getMSP.Rd:35: Lost braces in \itemize; \value handles \item{}{} directly checkRd: (-1) getMSP.Rd:36: Lost braces in \itemize; \value handles \item{}{} directly checkRd: (-1) getMSP.Rd:37: Lost braces in \itemize; \value handles \item{}{} directly checkRd: (-1) getMSP.Rd:38: Lost braces in \itemize; \value handles \item{}{} directly checkRd: (-1) getMSP.Rd:39: Lost braces in \itemize; \value handles \item{}{} directly checkRd: (-1) getMSP.Rd:40: Lost braces in \itemize; \value handles \item{}{} directly checkRd: (-1) getMSPs.Rd:18: Lost braces in \itemize; \value handles \item{}{} directly checkRd: (-1) getMSPs.Rd:19: Lost braces in \itemize; \value handles \item{}{} directly checkRd: (-1) getMSPs.Rd:20: Lost braces in \itemize; \value handles \item{}{} directly checkRd: (-1) getMSPs.Rd:21: Lost braces in \itemize; \value handles \item{}{} directly checkRd: (-1) getMSPs.Rd:22: Lost braces in \itemize; \value handles \item{}{} directly checkRd: (-1) getPerson.Rd:15: Lost braces in \itemize; \value handles \item{}{} directly checkRd: (-1) getPerson.Rd:16: Lost braces in \itemize; \value handles \item{}{} directly checkRd: (-1) getPerson.Rd:17: Lost braces in \itemize; \value handles \item{}{} directly checkRd: (-1) getPerson.Rd:18: Lost braces in \itemize; \value handles \item{}{} directly checkRd: (-1) getPerson.Rd:19: Lost braces in \itemize; \value handles \item{}{} directly checkRd: (-1) getPerson.Rd:20: Lost braces in \itemize; \value handles \item{}{} directly checkRd: (-1) getPerson.Rd:21: Lost braces in \itemize; \value handles \item{}{} directly checkRd: (-1) getPerson.Rd:22: Lost braces in \itemize; \value handles \item{}{} directly checkRd: (-1) getPerson.Rd:23: Lost braces in \itemize; \value handles \item{}{} directly checkRd: (-1) getPerson.Rd:24: Lost braces in \itemize; \value handles \item{}{} directly checkRd: (-1) getPerson.Rd:25: Lost braces in \itemize; \value handles \item{}{} directly checkRd: (-1) getPerson.Rd:26: Lost braces in \itemize; \value handles \item{}{} directly checkRd: (-1) getPerson.Rd:27: Lost braces in \itemize; \value handles \item{}{} directly checkRd: (-1) getPerson.Rd:28: Lost braces in \itemize; \value handles \item{}{} directly checkRd: (-1) getWrans.Rd:27: Lost braces in \itemize; \value handles \item{}{} directly checkRd: (-1) getWrans.Rd:28: Lost braces in \itemize; \value handles \item{}{} directly Flavors: r-devel-linux-x86_64-debian-clang, r-devel-linux-x86_64-debian-gcc, r-devel-linux-x86_64-fedora-clang

Version: 0.1.0
Check: LazyData
Result: NOTE 'LazyData' is specified without a 'data' directory Flavors: r-devel-linux-x86_64-debian-clang, r-devel-linux-x86_64-debian-gcc, r-devel-linux-x86_64-fedora-clang, r-devel-linux-x86_64-fedora-gcc, r-devel-windows-x86_64, r-patched-linux-x86_64, r-release-linux-x86_64, r-release-macos-arm64, r-release-macos-x86_64, r-release-windows-x86_64, r-oldrel-macos-arm64, r-oldrel-windows-x86_64