CRAN Package Check Results for Package tweedie

Last updated on 2024-02-29 07:52:53 CET.

Flavor Version Tinstall Tcheck Ttotal Status Flags
r-devel-linux-x86_64-debian-clang 2.3.5 10.85 42.54 53.39 NOTE
r-devel-linux-x86_64-debian-gcc 2.3.5 7.46 31.22 38.68 NOTE
r-devel-linux-x86_64-fedora-clang 2.3.5 65.77 NOTE
r-devel-linux-x86_64-fedora-gcc 2.3.5 61.86 NOTE
r-devel-windows-x86_64 2.3.5 12.00 53.00 65.00 OK
r-patched-linux-x86_64 2.3.5 9.31 40.51 49.82 OK
r-release-linux-x86_64 2.3.5 9.13 40.71 49.84 OK
r-release-macos-arm64 2.3.5 23.00 OK
r-release-macos-x86_64 2.3.5 35.00 OK
r-release-windows-x86_64 2.3.5 14.00 58.00 72.00 OK
r-oldrel-macos-arm64 2.3.5 26.00 OK
r-oldrel-windows-x86_64 2.3.5 14.00 61.00 75.00 OK

Check Details

Version: 2.3.5
Check: Rd files
Result: NOTE checkRd: (-1) tweedie-internal.Rd:74: Lost braces 74 | doi{10.1093/biomet/74.2.221} | ^ Flavors: r-devel-linux-x86_64-debian-clang, r-devel-linux-x86_64-debian-gcc, r-devel-linux-x86_64-fedora-clang, r-devel-linux-x86_64-fedora-gcc