CRAN Package Check Results for Package tvthemes

Last updated on 2021-12-03 19:50:31 CET.

Flavor Version Tinstall Tcheck Ttotal Status Flags
r-devel-linux-x86_64-debian-clang 1.1.1 6.04 93.81 99.85 NOTE
r-devel-linux-x86_64-debian-gcc 1.1.1 4.35 68.30 72.65 NOTE
r-devel-linux-x86_64-fedora-clang 1.1.1 135.98 NOTE
r-devel-linux-x86_64-fedora-gcc 1.1.1 113.97 NOTE
r-devel-windows-x86_64-new-UL 1.1.1 21.00 147.00 168.00 NOTE
r-devel-windows-x86_64-new-TK 1.1.1 NOTE
r-devel-windows-x86_64-old 1.1.1 12.00 92.00 104.00 NOTE
r-patched-linux-x86_64 1.1.1 7.01 84.42 91.43 NOTE
r-release-linux-x86_64 1.1.1 6.24 85.51 91.75 NOTE
r-release-macos-arm64 1.1.1 NOTE
r-release-macos-x86_64 1.1.1 NOTE
r-release-windows-ix86+x86_64 1.1.1 17.00 120.00 137.00 NOTE
r-oldrel-macos-x86_64 1.1.1 OK
r-oldrel-windows-ix86+x86_64 1.1.1 17.00 124.00 141.00 OK

Check Details

Version: 1.1.1
Check: LazyData
Result: NOTE
     'LazyData' is specified without a 'data' directory
Flavors: r-devel-linux-x86_64-debian-clang, r-devel-linux-x86_64-debian-gcc, r-devel-linux-x86_64-fedora-clang, r-devel-linux-x86_64-fedora-gcc, r-devel-windows-x86_64-new-UL, r-devel-windows-x86_64-new-TK, r-devel-windows-x86_64-old, r-patched-linux-x86_64, r-release-linux-x86_64, r-release-macos-arm64, r-release-macos-x86_64, r-release-windows-ix86+x86_64