Last updated on 2023-01-31 19:56:38 CET.
Flavor | Version | Tinstall | Tcheck | Ttotal | Status | Flags |
---|---|---|---|---|---|---|
r-devel-linux-x86_64-debian-clang | 1.0.1 | 2.12 | 41.79 | 43.91 | NOTE | |
r-devel-linux-x86_64-debian-gcc | 1.0.1 | 1.53 | 30.69 | 32.22 | NOTE | |
r-devel-linux-x86_64-fedora-clang | 1.0.1 | 54.60 | NOTE | |||
r-devel-linux-x86_64-fedora-gcc | 1.0.1 | 67.09 | NOTE | |||
r-devel-windows-x86_64 | 1.0.1 | 13.00 | 73.00 | 86.00 | NOTE | |
r-patched-linux-x86_64 | 1.0.1 | 1.93 | 39.81 | 41.74 | NOTE | |
r-release-linux-x86_64 | 1.0.1 | 2.15 | 40.86 | 43.01 | NOTE | |
r-release-macos-arm64 | 1.0.1 | 23.00 | NOTE | |||
r-release-macos-x86_64 | 1.0.1 | 33.00 | NOTE | |||
r-release-windows-x86_64 | 1.0.1 | 15.00 | 78.00 | 93.00 | NOTE | |
r-oldrel-macos-arm64 | 1.0.1 | 33.00 | NOTE | |||
r-oldrel-macos-x86_64 | 1.0.1 | 60.00 | NOTE | |||
r-oldrel-windows-ix86+x86_64 | 1.0.1 | 6.00 | 73.00 | 79.00 | NOTE |
Version: 1.0.1
Check: LazyData
Result: NOTE
'LazyData' is specified without a 'data' directory
Flavors: r-devel-linux-x86_64-debian-clang, r-devel-linux-x86_64-debian-gcc, r-devel-linux-x86_64-fedora-clang, r-devel-linux-x86_64-fedora-gcc, r-devel-windows-x86_64, r-patched-linux-x86_64, r-release-linux-x86_64, r-release-macos-arm64, r-release-macos-x86_64, r-release-windows-x86_64, r-oldrel-macos-arm64, r-oldrel-macos-x86_64, r-oldrel-windows-ix86+x86_64