CRAN Package Check Results for Package tuneRanger

Last updated on 2023-03-30 08:54:03 CEST.

Flavor Version Tinstall Tcheck Ttotal Status Flags
r-devel-linux-x86_64-debian-clang 0.5 13.39 148.67 162.06 NOTE
r-devel-linux-x86_64-debian-gcc 0.5 10.35 111.71 122.06 NOTE
r-devel-linux-x86_64-fedora-clang 0.5 191.98 NOTE
r-devel-linux-x86_64-fedora-gcc 0.5 189.47 NOTE
r-patched-linux-x86_64 0.5 12.36 136.57 148.93 NOTE
r-release-linux-x86_64 0.5 13.80 137.01 150.81 ERROR
r-release-macos-arm64 0.5 75.00 NOTE
r-release-macos-x86_64 0.5 126.00 NOTE
r-release-windows-x86_64 0.5 29.00 181.00 210.00 NOTE
r-oldrel-macos-arm64 0.5 103.00 NOTE
r-oldrel-macos-x86_64 0.5 125.00 NOTE
r-oldrel-windows-ix86+x86_64 0.5 30.00 167.00 197.00 NOTE

Check Details

Version: 0.5
Check: LazyData
Result: NOTE
     'LazyData' is specified without a 'data' directory
Flavors: r-devel-linux-x86_64-debian-clang, r-devel-linux-x86_64-debian-gcc, r-devel-linux-x86_64-fedora-clang, r-devel-linux-x86_64-fedora-gcc, r-patched-linux-x86_64, r-release-linux-x86_64, r-release-macos-arm64, r-release-macos-x86_64, r-release-windows-x86_64, r-oldrel-macos-arm64, r-oldrel-macos-x86_64, r-oldrel-windows-ix86+x86_64

Version: 0.5
Check: Rd cross-references
Result: NOTE
    Undeclared package ‘randomForest’ in Rd xrefs
Flavor: r-devel-linux-x86_64-fedora-clang

Version: 0.5
Check: tests
Result: ERROR
     Running ‘testthat.R’ [23s/28s]
    Running the tests in ‘tests/testthat.R’ failed.
    Complete output:
     > library(testthat)
     > library(tuneRanger)
     Loading required package: ranger
     Loading required package: mlrMBO
     Loading required package: mlr
     Loading required package: ParamHelpers
     Warning message: 'mlr' is in 'maintenance-only' mode since July 2019.
     Future development will only happen in 'mlr3'
     (<https://mlr3.mlr-org.com>). Due to the focus on 'mlr3' there might be
     uncaught bugs meanwhile in {mlr} - please consider switching.
     Loading required package: smoof
     Loading required package: checkmate
     Loading required package: parallel
     Loading required package: lubridate
    
     Attaching package: 'lubridate'
    
     The following objects are masked from 'package:base':
    
     date, intersect, setdiff, union
    
     Loading required package: lhs
     >
     > test_check("tuneRanger")
     Approximated time for tuning: 52Smtry = 2 OOB error = 0.032254
     Searching left ...
     mtry = 1 OOB error = 0.03601993
     -0.1167586 0.05
     Searching right ...
     mtry = 4 OOB error = 0.03367282
     -0.04398898 0.05
     mtry = 3 OOB error = 12.13788
     Searching left ...
     mtry = 2 OOB error = 11.37264
     0.06304526 0.05
     mtry = 1 OOB error = 11.16689
     0.0180924 0.05
     Searching right ...
     mtry = 6 OOB error = 10.98045
     0.0344854 0.05
     mtry = 3 OOB error = 0.4238925
     Searching left ...
     mtry = 2 OOB error = 0.4147103
     0.02166146 0.05
     Searching right ...
     mtry = 6 OOB error = 0.4002272
     0.05582849 0.05
     mtry = 9 OOB error = 0.3908557
     0.02341533 0.05
     Error: mtry can not be larger than number of variables in data. Ranger will EXIT now.
     [ FAIL 1 | WARN 0 | SKIP 0 | PASS 6 ]
    
     ══ Failed tests ════════════════════════════════════════════════════════════════
     ── Error ('test_base.R:46:3'): tuneMtryFast ────────────────────────────────────
     Error in `ranger(formula, data, dependent.variable.name = dependent.variable.name,
     mtry = res[which.min(res[, 2]), 1], ...)`: User interrupt or internal error.
     Backtrace:
     ▆
     1. └─mlr::train(learner, lung.task) at test_base.R:46:2
     2. ├─mlr:::measureTime(...)
     3. │ └─base::force(expr)
     4. ├─base (local) fun1(...)
     5. ├─base (local) fun2(fun3(do.call(trainLearner, pars)))
     6. ├─base (local) fun3(do.call(trainLearner, pars))
     7. ├─base::do.call(trainLearner, pars)
     8. ├─mlr (local) `<fn>`(.learner = `<srv.tnMF>`, .task = `<SurvTask>`, .subset = NULL)
     9. └─tuneRanger:::trainLearner.surv.tuneMtryFast(...)
     10. └─tuneRanger::tuneMtryFast(...)
     11. └─ranger::ranger(...)
    
     [ FAIL 1 | WARN 0 | SKIP 0 | PASS 6 ]
     Error: Test failures
     Execution halted
Flavor: r-release-linux-x86_64