CRAN Package Check Results for Package ttScreening

Last updated on 2020-07-14 09:50:55 CEST.

Flavor Version Tinstall Tcheck Ttotal Status Flags
r-devel-linux-x86_64-debian-clang 1.6 22.12 177.94 200.06 OK
r-devel-linux-x86_64-debian-gcc 1.6 18.82 137.19 156.01 OK
r-devel-linux-x86_64-fedora-clang 1.6 252.32 OK
r-devel-linux-x86_64-fedora-gcc 1.6 257.03 OK
r-devel-windows-ix86+x86_64 1.6 59.00 164.00 223.00 OK
r-patched-linux-x86_64 1.6 21.35 176.50 197.85 OK
r-patched-solaris-x86 1.6 338.40 OK
r-release-linux-x86_64 1.6 20.47 175.47 195.94 OK
r-release-macos-x86_64 1.6 ERROR
r-release-windows-ix86+x86_64 1.6 60.00 161.00 221.00 OK
r-oldrel-macos-x86_64 1.6 WARN
r-oldrel-windows-ix86+x86_64 1.6 48.00 210.00 258.00 OK

Check Details

Version: 1.6
Check: whether package can be installed
Result: ERROR
    Installation failed.
Flavor: r-release-macos-x86_64

Version: 1.6
Check: whether package can be installed
Result: WARN
    Found the following significant warnings:
     Warning: package ‘BiocParallel’ was built under R version 3.6.1
Flavor: r-oldrel-macos-x86_64