CRAN Package Check Results for Package tsutils

Last updated on 2020-10-01 20:47:42 CEST.

Flavor Version Tinstall Tcheck Ttotal Status Flags
r-devel-linux-x86_64-debian-clang 0.9.2 13.51 109.95 123.46 OK
r-devel-linux-x86_64-debian-gcc 0.9.2 12.92 82.51 95.43 OK
r-devel-linux-x86_64-fedora-clang 0.9.2 167.56 NOTE
r-devel-linux-x86_64-fedora-gcc 0.9.2 149.38 OK
r-devel-windows-ix86+x86_64 0.9.2 31.00 100.00 131.00 OK
r-patched-linux-x86_64 0.9.2 11.12 99.25 110.37 OK
r-patched-solaris-x86 0.9.2 198.50 OK
r-release-linux-x86_64 0.9.2 10.72 100.67 111.39 OK
r-release-macos-x86_64 0.9.2 OK
r-release-windows-ix86+x86_64 0.9.2 34.00 128.00 162.00 OK
r-oldrel-macos-x86_64 0.9.2 OK
r-oldrel-windows-ix86+x86_64 0.9.2 27.00 128.00 155.00 OK

Check Details

Version: 0.9.2
Check: Rd cross-references
Result: NOTE
    Undeclared package ‘glmnet’ in Rd xrefs
Flavor: r-devel-linux-x86_64-fedora-clang