CRAN Package Check Results for Package tsne

Last updated on 2020-07-14 09:50:55 CEST.

Flavor Version Tinstall Tcheck Ttotal Status Flags
r-devel-linux-x86_64-debian-clang 0.1-3 2.11 18.28 20.39 OK
r-devel-linux-x86_64-debian-gcc 0.1-3 1.48 14.47 15.95 OK
r-devel-linux-x86_64-fedora-clang 0.1-3 33.67 OK
r-devel-linux-x86_64-fedora-gcc 0.1-3 25.45 OK
r-devel-windows-ix86+x86_64 0.1-3 6.00 27.00 33.00 OK
r-patched-linux-x86_64 0.1-3 1.99 18.45 20.44 OK
r-patched-solaris-x86 0.1-3 38.10 OK
r-release-linux-x86_64 0.1-3 2.09 18.07 20.16 OK
r-release-macos-x86_64 0.1-3 ERROR
r-release-windows-ix86+x86_64 0.1-3 4.00 36.00 40.00 OK
r-oldrel-macos-x86_64 0.1-3 OK
r-oldrel-windows-ix86+x86_64 0.1-3 4.00 43.00 47.00 OK

Check Details

Version: 0.1-3
Check: whether package can be installed
Result: ERROR
    Installation failed.
Flavor: r-release-macos-x86_64