CRAN Package Check Results for Package tseriesTARMA

Last updated on 2024-02-21 19:53:31 CET.

Flavor Version Tinstall Tcheck Ttotal Status Flags
r-devel-linux-x86_64-debian-clang 0.3-4 OK
r-devel-linux-x86_64-debian-gcc 0.3-4 48.62 85.45 134.07 OK
r-devel-linux-x86_64-fedora-clang 0.3-4 190.91 NOTE
r-devel-linux-x86_64-fedora-gcc 0.3-4 214.80 NOTE
r-devel-windows-x86_64 0.3-4 44.00 111.00 155.00 OK
r-patched-linux-x86_64 0.3-4 62.52 109.80 172.32 OK
r-release-linux-x86_64 0.3-4 41.16 111.33 152.49 OK
r-release-macos-arm64 0.3-4 82.00 OK
r-release-macos-x86_64 0.3-4 144.00 OK
r-release-windows-x86_64 0.3-4 57.00 135.00 192.00 OK
r-oldrel-macos-arm64 0.3-4 88.00 OK
r-oldrel-windows-x86_64 0.3-4 53.00 136.00 189.00 OK

Check Details

Version: 0.3-4
Check: installed package size
Result: NOTE installed size is 6.1Mb sub-directories of 1Mb or more: libs 5.8Mb Flavor: r-devel-linux-x86_64-fedora-clang

Version: 0.3-4
Check: compiled code
Result: NOTE File ‘tseriesTARMA/libs/tseriesTARMA.so’: Found no calls to: ‘R_registerRoutines’, ‘R_useDynamicSymbols’ It is good practice to register native routines and to disable symbol search. See ‘Writing portable packages’ in the ‘Writing R Extensions’ manual. Flavors: r-devel-linux-x86_64-fedora-clang, r-devel-linux-x86_64-fedora-gcc