CRAN Package Check Results for Package tseriesEntropy

Last updated on 2024-02-27 19:54:55 CET.

Flavor Version Tinstall Tcheck Ttotal Status Flags
r-devel-linux-x86_64-debian-clang 0.7-2 14.10 83.19 97.29 OK
r-devel-linux-x86_64-debian-gcc 0.7-2 11.49 63.11 74.60 OK
r-devel-linux-x86_64-fedora-clang 0.7-2 120.01 NOTE
r-devel-linux-x86_64-fedora-gcc 0.7-2 115.54 OK
r-devel-windows-x86_64 0.7-2 15.00 87.00 102.00 OK
r-patched-linux-x86_64 0.7-2 10.79 80.93 91.72 OK
r-release-linux-x86_64 0.7-2 12.67 83.47 96.14 OK
r-release-macos-arm64 0.7-2 40.00 OK
r-release-macos-x86_64 0.7-2 78.00 OK
r-release-windows-x86_64 0.7-2 17.00 102.00 119.00 OK
r-oldrel-macos-arm64 0.7-2 39.00 OK
r-oldrel-windows-x86_64 0.7-2 19.00 107.00 126.00 OK

Check Details

Version: 0.7-2
Check: installed package size
Result: NOTE installed size is 5.5Mb sub-directories of 1Mb or more: libs 5.0Mb Flavor: r-devel-linux-x86_64-fedora-clang