CRAN Package Check Results for Package tribe

Last updated on 2022-08-07 21:56:38 CEST.

Flavor Version Tinstall Tcheck Ttotal Status Flags
r-devel-linux-x86_64-debian-clang 0.1.8 4.95 57.62 62.57 NOTE
r-devel-linux-x86_64-debian-gcc 0.1.8 4.08 42.27 46.35 NOTE
r-devel-linux-x86_64-fedora-clang 0.1.8 82.77 NOTE
r-devel-linux-x86_64-fedora-gcc 0.1.8 80.76 NOTE
r-devel-windows-x86_64 0.1.8 18.00 84.00 102.00 NOTE
r-patched-linux-x86_64 0.1.8 3.98 53.02 57.00 NOTE
r-release-linux-x86_64 0.1.8 3.80 52.61 56.41 NOTE
r-release-macos-arm64 0.1.8 24.00 NOTE
r-release-macos-x86_64 0.1.8 46.00 NOTE
r-release-windows-x86_64 0.1.8 15.00 82.00 97.00 NOTE
r-oldrel-macos-arm64 0.1.8 30.00 NOTE
r-oldrel-macos-x86_64 0.1.8 39.00 NOTE
r-oldrel-windows-ix86+x86_64 0.1.8 15.00 71.00 86.00 NOTE

Check Details

Version: 0.1.8
Check: LazyData
Result: NOTE
     'LazyData' is specified without a 'data' directory
Flavors: r-devel-linux-x86_64-debian-clang, r-devel-linux-x86_64-debian-gcc, r-devel-linux-x86_64-fedora-clang, r-devel-linux-x86_64-fedora-gcc, r-devel-windows-x86_64, r-patched-linux-x86_64, r-release-linux-x86_64, r-release-macos-arm64, r-release-macos-x86_64, r-release-windows-x86_64, r-oldrel-macos-arm64, r-oldrel-macos-x86_64, r-oldrel-windows-ix86+x86_64