CRAN Package Check Results for Package treetop

Last updated on 2022-09-30 20:52:16 CEST.

Flavor Version Tinstall Tcheck Ttotal Status Flags
r-devel-linux-x86_64-debian-clang 0.0.4 45.33 377.10 422.43 OK
r-devel-linux-x86_64-debian-gcc 0.0.4 35.71 278.34 314.05 OK
r-devel-linux-x86_64-fedora-clang 0.0.4 508.31 NOTE
r-devel-linux-x86_64-fedora-gcc 0.0.4 495.04 NOTE
r-devel-windows-x86_64 0.0.4 40.00 340.00 380.00 OK
r-patched-linux-x86_64 0.0.4 40.26 357.40 397.66 OK
r-release-linux-x86_64 0.0.4 28.14 360.49 388.63 OK
r-release-macos-arm64 0.0.4 98.00 NOTE
r-release-macos-x86_64 0.0.4 186.00 NOTE
r-release-windows-x86_64 0.0.4 43.00 360.00 403.00 OK
r-oldrel-macos-arm64 0.0.4 86.00 NOTE
r-oldrel-macos-x86_64 0.0.4 136.00 NOTE
r-oldrel-windows-ix86+x86_64 0.0.4 94.00 350.00 444.00 OK

Check Details

Version: 0.0.4
Check: dependencies in R code
Result: NOTE
    Namespace in Imports field not imported from: ‘rgeos’
     All declared Imports should be used.
Flavors: r-devel-linux-x86_64-fedora-clang, r-devel-linux-x86_64-fedora-gcc, r-release-macos-arm64, r-release-macos-x86_64, r-oldrel-macos-arm64, r-oldrel-macos-x86_64