CRAN Package Check Results for Package treeHMM

Last updated on 2020-09-18 20:47:43 CEST.

Flavor Version Tinstall Tcheck Ttotal Status Flags
r-devel-linux-x86_64-debian-clang 0.1.1 3.95 22.57 26.52 OK
r-devel-linux-x86_64-debian-gcc 0.1.1 3.66 17.42 21.08 OK
r-devel-linux-x86_64-fedora-clang 0.1.1 44.65 NOTE
r-devel-linux-x86_64-fedora-gcc 0.1.1 33.16 NOTE
r-devel-windows-ix86+x86_64 0.1.1 10.00 33.00 43.00 OK
r-patched-linux-x86_64 0.1.1 4.79 22.16 26.95 OK
r-patched-solaris-x86 0.1.1 50.20 NOTE
r-release-linux-x86_64 0.1.1 4.30 22.83 27.13 OK
r-release-macos-x86_64 0.1.1 NOTE
r-release-windows-ix86+x86_64 0.1.1 11.00 30.00 41.00 OK
r-oldrel-macos-x86_64 0.1.1 NOTE
r-oldrel-windows-ix86+x86_64 0.1.1 6.00 38.00 44.00 OK

Check Details

Version: 0.1.1
Check: dependencies in R code
Result: NOTE
    Namespace in Imports field not imported from: ‘Matrix’
     All declared Imports should be used.
Flavors: r-devel-linux-x86_64-fedora-clang, r-devel-linux-x86_64-fedora-gcc, r-patched-solaris-x86, r-release-macos-x86_64, r-oldrel-macos-x86_64