Last updated on 2023-12-10 19:49:29 CET.
Flavor | Version | Tinstall | Tcheck | Ttotal | Status | Flags |
---|---|---|---|---|---|---|
r-devel-linux-x86_64-debian-clang | 0.0.5 | 28.15 | 366.76 | 394.91 | OK | |
r-devel-linux-x86_64-debian-gcc | 0.0.5 | 25.47 | 271.52 | 296.99 | OK | |
r-devel-linux-x86_64-fedora-clang | 0.0.5 | 389.49 | OK | |||
r-devel-linux-x86_64-fedora-gcc | 0.0.5 | 381.63 | OK | |||
r-devel-windows-x86_64 | 0.0.5 | 27.00 | 258.00 | 285.00 | OK | |
r-patched-linux-x86_64 | 0.0.5 | 23.70 | 360.49 | 384.19 | OK | |
r-release-linux-x86_64 | 0.0.5 | 20.53 | 356.87 | 377.40 | OK | |
r-release-macos-arm64 | 0.0.5 | 10.00 | ERROR | |||
r-release-macos-x86_64 | 0.0.5 | 10.00 | ERROR | |||
r-release-windows-x86_64 | 0.0.5 | 33.00 | 335.00 | 368.00 | OK | |
r-oldrel-macos-arm64 | 0.0.5 | 130.00 | OK | |||
r-oldrel-macos-x86_64 | 0.0.5 | 248.00 | OK | |||
r-oldrel-windows-x86_64 | 0.0.5 | 36.00 | 334.00 | 370.00 | OK |
Version: 0.0.5
Check: package dependencies
Result: ERROR
Package required but not available: ‘phyloseq’
Package suggested but not available for checking: ‘adaptiveGPCA’
See section ‘The DESCRIPTION file’ in the ‘Writing R Extensions’
manual.
Flavors: r-release-macos-arm64, r-release-macos-x86_64