Last updated on 2023-06-01 21:53:11 CEST.
Flavor | Version | Tinstall | Tcheck | Ttotal | Status | Flags |
---|---|---|---|---|---|---|
r-devel-linux-x86_64-debian-clang | 0.0.5 | 33.04 | 381.33 | 414.37 | OK | |
r-devel-linux-x86_64-debian-gcc | 0.0.5 | 26.08 | 285.32 | 311.40 | OK | |
r-devel-linux-x86_64-fedora-clang | 0.0.5 | 522.84 | OK | |||
r-devel-linux-x86_64-fedora-gcc | 0.0.5 | 513.26 | OK | |||
r-devel-windows-x86_64 | 0.0.5 | 28.00 | 262.00 | 290.00 | OK | |
r-patched-linux-x86_64 | 0.0.5 | OK | ||||
r-release-linux-x86_64 | 0.0.5 | 21.06 | 364.90 | 385.96 | OK | |
r-release-macos-arm64 | 0.0.5 | 6.00 | ERROR | |||
r-release-macos-x86_64 | 0.0.5 | 7.00 | ERROR | |||
r-release-windows-x86_64 | 0.0.5 | 36.00 | 354.00 | 390.00 | OK | |
r-oldrel-macos-arm64 | 0.0.5 | 130.00 | OK | |||
r-oldrel-macos-x86_64 | 0.0.5 | 248.00 | OK | |||
r-oldrel-windows-x86_64 | 0.0.5 | 38.00 | 331.00 | 369.00 | OK |
Version: 0.0.5
Check: package dependencies
Result: ERROR
Package required but not available: ‘phyloseq’
Package suggested but not available for checking: ‘adaptiveGPCA’
See section ‘The DESCRIPTION file’ in the ‘Writing R Extensions’
manual.
Flavors: r-release-macos-arm64, r-release-macos-x86_64