CRAN Package Check Results for Package transx

Last updated on 2021-11-28 07:50:59 CET.

Flavor Version Tinstall Tcheck Ttotal Status Flags
r-devel-linux-x86_64-debian-clang 0.0.1 NOTE
r-devel-linux-x86_64-debian-gcc 0.0.1 2.36 39.95 42.31 NOTE
r-devel-linux-x86_64-fedora-clang 0.0.1 83.48 NOTE
r-devel-linux-x86_64-fedora-gcc 0.0.1 69.97 NOTE
r-devel-windows-x86_64-new-UL 0.0.1 13.00 99.00 112.00 NOTE
r-devel-windows-x86_64-new-TK 0.0.1 NOTE
r-devel-windows-x86_64-old 0.0.1 6.00 83.00 89.00 NOTE
r-patched-linux-x86_64 0.0.1 3.71 50.51 54.22 NOTE
r-patched-solaris-x86 0.0.1 121.00 NOTE
r-release-linux-x86_64 0.0.1 3.45 50.37 53.82 NOTE
r-release-macos-arm64 0.0.1 NOTE
r-release-macos-x86_64 0.0.1 NOTE
r-release-windows-ix86+x86_64 0.0.1 8.00 77.00 85.00 NOTE
r-oldrel-macos-x86_64 0.0.1 OK
r-oldrel-windows-ix86+x86_64 0.0.1 6.00 81.00 87.00 OK

Check Details

Version: 0.0.1
Check: LazyData
Result: NOTE
     'LazyData' is specified without a 'data' directory
Flavors: r-devel-linux-x86_64-debian-clang, r-devel-linux-x86_64-debian-gcc, r-devel-linux-x86_64-fedora-clang, r-devel-linux-x86_64-fedora-gcc, r-devel-windows-x86_64-new-UL, r-devel-windows-x86_64-new-TK, r-devel-windows-x86_64-old, r-patched-linux-x86_64, r-patched-solaris-x86, r-release-linux-x86_64, r-release-macos-arm64, r-release-macos-x86_64, r-release-windows-ix86+x86_64