CRAN Package Check Results for Package transreg

Last updated on 2024-04-15 21:54:52 CEST.

Flavor Version Tinstall Tcheck Ttotal Status Flags
r-devel-linux-x86_64-debian-clang 1.0.2 3.59 129.47 133.06 NOTE
r-devel-linux-x86_64-debian-gcc 1.0.2 3.15 98.74 101.89 NOTE
r-devel-linux-x86_64-fedora-clang 1.0.2 171.29 NOTE
r-devel-linux-x86_64-fedora-gcc 1.0.2 190.24 NOTE
r-prerel-macos-arm64 1.0.2 52.00 NOTE
r-prerel-windows-x86_64 1.0.2 5.00 110.00 115.00 NOTE
r-patched-linux-x86_64 1.0.2 4.00 129.10 133.10 NOTE
r-release-linux-x86_64 1.0.2 3.17 128.20 131.37 NOTE
r-release-macos-arm64 1.0.2 54.00 NOTE
r-release-macos-x86_64 1.0.2 144.00 NOTE
r-release-windows-x86_64 1.0.2 6.00 142.00 148.00 NOTE
r-oldrel-macos-arm64 1.0.2 53.00 NOTE
r-oldrel-windows-x86_64 1.0.2 6.00 133.00 139.00 NOTE

Check Details

Version: 1.0.2
Check: package dependencies
Result: NOTE Package which this enhances but not available for checking: ‘fwelnet’ Flavors: r-devel-linux-x86_64-debian-clang, r-devel-linux-x86_64-debian-gcc, r-devel-linux-x86_64-fedora-clang, r-devel-linux-x86_64-fedora-gcc, r-prerel-macos-arm64, r-patched-linux-x86_64, r-release-linux-x86_64, r-release-macos-arm64, r-release-macos-x86_64, r-oldrel-macos-arm64

Version: 1.0.2
Check: package dependencies
Result: NOTE Packages which this enhances but not available for checking: 'fwelnet', 'doMC' Flavors: r-prerel-windows-x86_64, r-release-windows-x86_64, r-oldrel-windows-x86_64