CRAN Package Check Results for Package transport

Last updated on 2021-10-26 20:51:11 CEST.

Flavor Version Tinstall Tcheck Ttotal Status Flags
r-devel-linux-x86_64-debian-clang 0.12-2 85.98 73.89 159.87 OK
r-devel-linux-x86_64-debian-gcc 0.12-2 59.59 55.11 114.70 OK
r-devel-linux-x86_64-fedora-clang 0.12-2 254.22 NOTE
r-devel-linux-x86_64-fedora-gcc 0.12-2 206.81 OK
r-devel-windows-x86_64 0.12-2 117.00 88.00 205.00 OK
r-devel-windows-x86_64-gcc10-UCRT 0.12-2 OK
r-patched-linux-x86_64 0.12-2 81.10 71.37 152.47 OK
r-patched-solaris-x86 0.12-2 235.10 OK
r-release-linux-x86_64 0.12-2 74.24 70.44 144.68 OK
r-release-macos-arm64 0.12-2 NOTE
r-release-macos-x86_64 0.12-2 NOTE
r-release-windows-ix86+x86_64 0.12-2 166.00 153.00 319.00 OK
r-oldrel-macos-x86_64 0.12-2 NOTE
r-oldrel-windows-ix86+x86_64 0.12-2 219.00 149.00 368.00 OK

Check Details

Version: 0.12-2
Check: installed package size
Result: NOTE
     installed size is 5.8Mb
     sub-directories of 1Mb or more:
     libs 5.2Mb
Flavors: r-devel-linux-x86_64-fedora-clang, r-release-macos-arm64, r-release-macos-x86_64, r-oldrel-macos-x86_64