CRAN Package Check Results for Package trajectories

Last updated on 2020-09-19 20:48:10 CEST.

Flavor Version Tinstall Tcheck Ttotal Status Flags
r-devel-linux-x86_64-debian-clang 0.2-2 13.16 167.64 180.80 NOTE
r-devel-linux-x86_64-debian-gcc 0.2-2 10.16 127.62 137.78 NOTE
r-devel-linux-x86_64-fedora-clang 0.2-2 241.16 NOTE
r-devel-linux-x86_64-fedora-gcc 0.2-2 221.90 NOTE
r-devel-windows-ix86+x86_64 0.2-2 23.00 221.00 244.00 NOTE
r-patched-linux-x86_64 0.2-2 11.80 165.57 177.37 NOTE
r-patched-solaris-x86 0.2-2 295.40 NOTE
r-release-linux-x86_64 0.2-2 12.03 165.65 177.68 NOTE
r-release-macos-x86_64 0.2-2 NOTE
r-release-windows-ix86+x86_64 0.2-2 23.00 224.00 247.00 NOTE
r-oldrel-macos-x86_64 0.2-2 NOTE
r-oldrel-windows-ix86+x86_64 0.2-2 15.00 214.00 229.00 NOTE

Check Details

Version: 0.2-2
Check: package dependencies
Result: NOTE
    Package suggested but not available for checking: 'taxidata'
Flavors: r-devel-linux-x86_64-debian-clang, r-devel-linux-x86_64-debian-gcc, r-devel-linux-x86_64-fedora-clang, r-devel-linux-x86_64-fedora-gcc, r-devel-windows-ix86+x86_64, r-patched-linux-x86_64, r-patched-solaris-x86, r-release-linux-x86_64, r-release-macos-x86_64, r-release-windows-ix86+x86_64, r-oldrel-macos-x86_64, r-oldrel-windows-ix86+x86_64