CRAN Package Check Results for Package traitdataform

Last updated on 2022-09-26 08:51:49 CEST.

Flavor Version Tinstall Tcheck Ttotal Status Flags
r-devel-linux-x86_64-debian-clang 0.6.8 13.12 121.47 134.59 OK
r-devel-linux-x86_64-debian-gcc 0.6.8 8.93 91.41 100.34 OK
r-devel-linux-x86_64-fedora-clang 0.6.8 180.72 NOTE
r-devel-linux-x86_64-fedora-gcc 0.6.8 168.84 NOTE
r-devel-windows-x86_64 0.6.8 72.00 151.00 223.00 OK
r-patched-linux-x86_64 0.6.8 12.04 113.40 125.44 OK
r-release-linux-x86_64 0.6.8 10.86 114.11 124.97 OK
r-release-macos-arm64 0.6.8 140.00 NOTE
r-release-macos-x86_64 0.6.8 152.00 NOTE
r-release-windows-x86_64 0.6.8 42.00 158.00 200.00 OK
r-oldrel-macos-arm64 0.6.8 128.00 NOTE
r-oldrel-macos-x86_64 0.6.8 147.00 NOTE
r-oldrel-windows-ix86+x86_64 0.6.8 32.00 150.00 182.00 OK

Check Details

Version: 0.6.8
Check: data for non-ASCII characters
Result: NOTE
     Note: found 2 marked Latin-1 strings
     Note: found 701 marked UTF-8 strings
Flavors: r-devel-linux-x86_64-fedora-clang, r-devel-linux-x86_64-fedora-gcc, r-release-macos-arm64, r-release-macos-x86_64, r-oldrel-macos-arm64, r-oldrel-macos-x86_64