CRAN Package Check Results for Package trafo

Last updated on 2021-11-28 07:50:59 CET.

Flavor Version Tinstall Tcheck Ttotal Status Flags
r-devel-linux-x86_64-debian-clang 1.0.1 NOTE
r-devel-linux-x86_64-debian-gcc 1.0.1 4.58 42.87 47.45 NOTE
r-devel-linux-x86_64-fedora-clang 1.0.1 93.10 NOTE
r-devel-linux-x86_64-fedora-gcc 1.0.1 74.94 NOTE
r-devel-windows-x86_64-new-UL 1.0.1 17.00 95.00 112.00 NOTE
r-devel-windows-x86_64-new-TK 1.0.1 NOTE
r-devel-windows-x86_64-old 1.0.1 10.00 84.00 94.00 NOTE
r-patched-linux-x86_64 1.0.1 7.26 53.05 60.31 NOTE
r-patched-solaris-x86 1.0.1 106.90 NOTE
r-release-linux-x86_64 1.0.1 7.63 53.56 61.19 NOTE
r-release-macos-arm64 1.0.1 NOTE
r-release-macos-x86_64 1.0.1 NOTE
r-release-windows-ix86+x86_64 1.0.1 13.00 54.00 67.00 NOTE
r-oldrel-macos-x86_64 1.0.1 OK
r-oldrel-windows-ix86+x86_64 1.0.1 13.00 80.00 93.00 OK

Check Details

Version: 1.0.1
Check: LazyData
Result: NOTE
     'LazyData' is specified without a 'data' directory
Flavors: r-devel-linux-x86_64-debian-clang, r-devel-linux-x86_64-debian-gcc, r-devel-linux-x86_64-fedora-clang, r-devel-linux-x86_64-fedora-gcc, r-devel-windows-x86_64-new-UL, r-devel-windows-x86_64-new-TK, r-devel-windows-x86_64-old, r-patched-linux-x86_64, r-patched-solaris-x86, r-release-linux-x86_64, r-release-macos-arm64, r-release-macos-x86_64, r-release-windows-ix86+x86_64