CRAN Package Check Results for Package tpfp

Last updated on 2023-12-03 19:48:50 CET.

Flavor Version Tinstall Tcheck Ttotal Status Flags
r-devel-linux-x86_64-debian-clang 0.0.1 2.67 30.00 32.67 OK
r-devel-linux-x86_64-debian-gcc 0.0.1 1.89 23.73 25.62 OK
r-devel-linux-x86_64-fedora-clang 0.0.1 42.34 NOTE
r-devel-linux-x86_64-fedora-gcc 0.0.1 52.07 NOTE
r-devel-windows-x86_64 0.0.1 3.00 51.00 54.00 OK
r-patched-linux-x86_64 0.0.1 1.66 29.34 31.00 OK
r-release-linux-x86_64 0.0.1 1.46 29.16 30.62 OK
r-release-macos-arm64 0.0.1 25.00 OK
r-release-macos-x86_64 0.0.1 32.00 OK
r-release-windows-x86_64 0.0.1 4.00 51.00 55.00 OK
r-oldrel-macos-arm64 0.0.1 24.00 NOTE
r-oldrel-macos-x86_64 0.0.1 32.00 NOTE
r-oldrel-windows-x86_64 0.0.1 4.00 49.00 53.00 OK

Check Details

Version: 0.0.1
Check: dependencies in R code
Result: NOTE Namespace in Imports field not imported from: ‘knitr’ All declared Imports should be used. Flavors: r-devel-linux-x86_64-fedora-clang, r-devel-linux-x86_64-fedora-gcc, r-oldrel-macos-arm64, r-oldrel-macos-x86_64