CRAN Package Check Results for Package tosr

Last updated on 2024-02-24 19:50:56 CET.

Flavor Version Tinstall Tcheck Ttotal Status Flags
r-devel-linux-x86_64-debian-clang 0.1.4 3.83 59.91 63.74 OK
r-devel-linux-x86_64-debian-gcc 0.1.4 4.22 45.59 49.81 OK
r-devel-linux-x86_64-fedora-clang 0.1.4 80.96 NOTE
r-devel-linux-x86_64-fedora-gcc 0.1.4 87.61 NOTE
r-devel-windows-x86_64 0.1.4 7.00 64.00 71.00 OK
r-patched-linux-x86_64 0.1.4 5.30 57.66 62.96 OK
r-release-linux-x86_64 0.1.4 5.02 56.50 61.52 OK
r-release-macos-arm64 0.1.4 34.00 OK
r-release-macos-x86_64 0.1.4 54.00 OK
r-release-windows-x86_64 0.1.4 9.00 76.00 85.00 OK
r-oldrel-macos-arm64 0.1.4 33.00 OK
r-oldrel-windows-x86_64 0.1.4 10.00 75.00 85.00 OK

Check Details

Version: 0.1.4
Check: data for non-ASCII characters
Result: NOTE Note: found 4490 marked UTF-8 strings Flavors: r-devel-linux-x86_64-fedora-clang, r-devel-linux-x86_64-fedora-gcc