CRAN Package Check Results for Package tosca

Last updated on 2021-12-05 07:49:27 CET.

Flavor Version Tinstall Tcheck Ttotal Status Flags
r-devel-linux-x86_64-debian-clang 0.3-2 11.18 108.34 119.52 NOTE
r-devel-linux-x86_64-debian-gcc 0.3-2 8.54 81.89 90.43 NOTE
r-devel-linux-x86_64-fedora-clang 0.3-2 151.16 NOTE
r-devel-linux-x86_64-fedora-gcc 0.3-2 134.78 NOTE
r-devel-windows-x86_64-new-UL 0.3-2 23.00 185.00 208.00 NOTE
r-devel-windows-x86_64-new-TK 0.3-2 NOTE
r-devel-windows-x86_64-old 0.3-2 17.00 120.00 137.00 NOTE
r-patched-linux-x86_64 0.3-2 13.91 95.52 109.43 NOTE
r-release-linux-x86_64 0.3-2 11.13 104.31 115.44 NOTE
r-release-macos-arm64 0.3-2 NOTE
r-release-macos-x86_64 0.3-2 NOTE
r-release-windows-ix86+x86_64 0.3-2 20.00 151.00 171.00 NOTE
r-oldrel-macos-x86_64 0.3-2 NOTE
r-oldrel-windows-ix86+x86_64 0.3-2 19.00 154.00 173.00 NOTE

Check Details

Version: 0.3-2
Check: package dependencies
Result: NOTE
    Package suggested but not available for checking: 'toscaData'
Flavors: r-devel-linux-x86_64-debian-clang, r-devel-linux-x86_64-debian-gcc, r-devel-linux-x86_64-fedora-clang, r-devel-linux-x86_64-fedora-gcc, r-devel-windows-x86_64-new-UL, r-devel-windows-x86_64-new-TK, r-devel-windows-x86_64-old, r-patched-linux-x86_64, r-release-linux-x86_64, r-release-macos-arm64, r-release-macos-x86_64, r-release-windows-ix86+x86_64, r-oldrel-macos-x86_64, r-oldrel-windows-ix86+x86_64