CRAN Package Check Results for Package torch

Last updated on 2022-10-01 11:49:41 CEST.

Flavor Version Tinstall Tcheck Ttotal Status Flags
r-devel-linux-x86_64-debian-clang 0.8.1 894.70 258.25 1152.95 OK
r-devel-linux-x86_64-debian-gcc 0.8.1 824.34 196.78 1021.12 OK
r-devel-linux-x86_64-fedora-clang 0.8.1 1443.81 NOTE
r-devel-linux-x86_64-fedora-gcc 0.8.1 1798.80 OK
r-devel-windows-x86_64 0.8.1 1219.00 627.00 1846.00 NOTE
r-patched-linux-x86_64 0.8.1 849.00 231.27 1080.27 OK
r-release-linux-x86_64 0.8.1 825.46 233.13 1058.59 OK
r-release-macos-arm64 0.8.1 402.00 NOTE
r-release-macos-x86_64 0.8.1 506.00 NOTE
r-release-windows-x86_64 0.8.1 1232.00 566.00 1798.00 NOTE
r-oldrel-macos-arm64 0.8.1 343.00 NOTE
r-oldrel-macos-x86_64 0.8.1 509.00 NOTE
r-oldrel-windows-ix86+x86_64 0.8.1 1899.00 540.00 2439.00 NOTE

Additional issues

rchk

Check Details

Version: 0.8.1
Check: installed package size
Result: NOTE
     installed size is 30.1Mb
     sub-directories of 1Mb or more:
     R 4.8Mb
     help 1.6Mb
     include 1.3Mb
     libs 21.8Mb
Flavors: r-devel-linux-x86_64-fedora-clang, r-devel-windows-x86_64, r-release-macos-arm64, r-release-macos-x86_64, r-release-windows-x86_64, r-oldrel-macos-arm64, r-oldrel-macos-x86_64, r-oldrel-windows-ix86+x86_64

Version: 0.8.1
Check: package dependencies
Result: NOTE
    Package suggested but not available for checking: ‘katex’
Flavor: r-release-macos-x86_64