CRAN Package Check Results for Package torch

Last updated on 2021-12-09 07:50:28 CET.

Flavor Version Tinstall Tcheck Ttotal Status Flags
r-devel-linux-x86_64-debian-clang 0.6.0 572.08 222.03 794.11 OK
r-devel-linux-x86_64-debian-gcc 0.6.0 505.46 166.51 671.97 OK
r-devel-linux-x86_64-fedora-clang 0.6.0 1261.13 NOTE
r-devel-linux-x86_64-fedora-gcc 0.6.0 1302.45 OK
r-devel-windows-x86_64-new-UL 0.6.0 923.00 546.00 1469.00 NOTE
r-devel-windows-x86_64-new-TK 0.6.0 OK
r-devel-windows-x86_64-old 0.6.0 770.00 270.00 1040.00 NOTE
r-patched-linux-x86_64 0.6.0 607.46 215.81 823.27 OK
r-release-linux-x86_64 0.6.0 597.60 215.26 812.86 OK
r-release-macos-arm64 0.6.0 NOTE
r-release-macos-x86_64 0.6.0 NOTE
r-release-windows-ix86+x86_64 0.6.0 979.00 486.00 1465.00 NOTE
r-oldrel-macos-x86_64 0.6.0 NOTE
r-oldrel-windows-ix86+x86_64 0.6.0 1385.00 492.00 1877.00 NOTE

Additional issues

valgrind

Check Details

Version: 0.6.0
Check: installed package size
Result: NOTE
     installed size is 110.7Mb
     sub-directories of 1Mb or more:
     R 4.7Mb
     help 1.6Mb
     libs 103.8Mb
Flavors: r-devel-linux-x86_64-fedora-clang, r-devel-windows-x86_64-new-UL, r-devel-windows-x86_64-old, r-release-macos-arm64, r-release-macos-x86_64, r-release-windows-ix86+x86_64, r-oldrel-macos-x86_64, r-oldrel-windows-ix86+x86_64