CRAN Package Check Results for Package tor

Last updated on 2021-11-30 19:51:39 CET.

Flavor Version Tinstall Tcheck Ttotal Status Flags
r-devel-linux-x86_64-debian-clang 1.1.2 1.95 30.87 32.82 NOTE
r-devel-linux-x86_64-debian-gcc 1.1.2 1.79 23.71 25.50 NOTE
r-devel-linux-x86_64-fedora-clang 1.1.2 54.30 NOTE
r-devel-linux-x86_64-fedora-gcc 1.1.2 41.11 NOTE
r-devel-windows-x86_64-new-UL 1.1.2 8.00 67.00 75.00 NOTE
r-devel-windows-x86_64-new-TK 1.1.2 NOTE
r-devel-windows-x86_64-old 1.1.2 4.00 35.00 39.00 NOTE
r-patched-linux-x86_64 1.1.2 2.42 28.93 31.35 NOTE
r-patched-solaris-x86 1.1.2 60.00 NOTE
r-release-linux-x86_64 1.1.2 2.08 29.43 31.51 NOTE
r-release-macos-arm64 1.1.2 NOTE
r-release-macos-x86_64 1.1.2 NOTE
r-release-windows-ix86+x86_64 1.1.2 7.00 36.00 43.00 NOTE
r-oldrel-macos-x86_64 1.1.2 OK
r-oldrel-windows-ix86+x86_64 1.1.2 5.00 48.00 53.00 OK

Check Details

Version: 1.1.2
Check: LazyData
Result: NOTE
     'LazyData' is specified without a 'data' directory
Flavors: r-devel-linux-x86_64-debian-clang, r-devel-linux-x86_64-debian-gcc, r-devel-linux-x86_64-fedora-clang, r-devel-linux-x86_64-fedora-gcc, r-devel-windows-x86_64-new-UL, r-devel-windows-x86_64-new-TK, r-devel-windows-x86_64-old, r-patched-linux-x86_64, r-patched-solaris-x86, r-release-linux-x86_64, r-release-macos-arm64, r-release-macos-x86_64, r-release-windows-ix86+x86_64