CRAN Package Check Results for Package tokenbrowser

Last updated on 2021-09-22 08:50:35 CEST.

Flavor Version Tinstall Tcheck Ttotal Status Flags
r-devel-linux-x86_64-debian-clang 0.1.5 29.19 43.63 72.82 OK
r-devel-linux-x86_64-debian-gcc 0.1.5 16.99 34.49 51.48 OK
r-devel-linux-x86_64-fedora-clang 0.1.5 102.67 OK
r-devel-linux-x86_64-fedora-gcc 0.1.5 83.70 OK
r-devel-windows-x86_64 0.1.5 31.00 61.00 92.00 OK
r-devel-windows-x86_64-gcc10-UCRT 0.1.5 ERROR
r-patched-linux-x86_64 0.1.5 20.62 42.34 62.96 OK
r-patched-solaris-x86 0.1.5 113.10 OK
r-release-linux-x86_64 0.1.5 20.99 42.51 63.50 OK
r-release-macos-arm64 0.1.5 OK
r-release-macos-x86_64 0.1.5 OK
r-release-windows-ix86+x86_64 0.1.5 63.00 90.00 153.00 OK
r-oldrel-macos-x86_64 0.1.5 OK
r-oldrel-windows-ix86+x86_64 0.1.5 78.00 88.00 166.00 OK

Check Details

Version: 0.1.5
Check: whether package can be installed
Result: ERROR
    Installation failed.
Flavor: r-devel-windows-x86_64-gcc10-UCRT