CRAN Package Check Results for Package tmvtnorm

Last updated on 2024-02-28 07:53:57 CET.

Flavor Version Tinstall Tcheck Ttotal Status Flags
r-devel-linux-x86_64-debian-clang 1.6 13.28 116.14 129.42 OK
r-devel-linux-x86_64-debian-gcc 1.6 10.17 88.01 98.18 OK
r-devel-linux-x86_64-fedora-clang 1.6 159.24 NOTE
r-devel-linux-x86_64-fedora-gcc 1.6 165.30 NOTE
r-devel-windows-x86_64 1.6 13.00 124.00 137.00 OK
r-patched-linux-x86_64 1.6 16.31 113.30 129.61 OK
r-release-linux-x86_64 1.6 9.96 112.54 122.50 OK
r-release-macos-arm64 1.6 62.00 OK
r-release-macos-x86_64 1.6 146.00 OK
r-release-windows-x86_64 1.6 17.00 150.00 167.00 OK
r-oldrel-macos-arm64 1.6 56.00 OK
r-oldrel-windows-x86_64 1.6 17.00 143.00 160.00 OK

Check Details

Version: 1.6
Check: compiled code
Result: NOTE File ‘tmvtnorm/libs/tmvtnorm.so’: Found no calls to: ‘R_registerRoutines’, ‘R_useDynamicSymbols’ It is good practice to register native routines and to disable symbol search. See ‘Writing portable packages’ in the ‘Writing R Extensions’ manual. Flavors: r-devel-linux-x86_64-fedora-clang, r-devel-linux-x86_64-fedora-gcc