CRAN Package Check Results for Package tmod

Last updated on 2020-09-23 13:05:06 CEST.

Flavor Version Tinstall Tcheck Ttotal Status Flags
r-devel-linux-x86_64-debian-clang 0.44 6.96 76.63 83.59 NOTE
r-devel-linux-x86_64-debian-gcc 0.44 7.43 58.90 66.33 NOTE
r-devel-linux-x86_64-fedora-clang 0.44 128.34 NOTE
r-devel-linux-x86_64-fedora-gcc 0.44 102.73 NOTE
r-devel-windows-ix86+x86_64 0.44 19.00 107.00 126.00 OK
r-patched-linux-x86_64 0.44 9.43 73.10 82.53 OK
r-patched-solaris-x86 0.44 146.80 OK
r-release-linux-x86_64 0.44 7.45 73.25 80.70 OK
r-release-macos-x86_64 0.44 OK
r-release-windows-ix86+x86_64 0.44 16.00 139.00 155.00 OK
r-oldrel-macos-x86_64 0.44 OK
r-oldrel-windows-ix86+x86_64 0.44 12.00 98.00 110.00 OK

Check Details

Version: 0.44
Check: R code for possible problems
Result: NOTE
    Possibly missing '()' after 'return' in the following function:
     '.plotGrid'
Flavors: r-devel-linux-x86_64-debian-clang, r-devel-linux-x86_64-debian-gcc, r-devel-linux-x86_64-fedora-clang, r-devel-linux-x86_64-fedora-gcc