CRAN Package Check Results for Package tmaptools

Last updated on 2022-01-20 19:51:12 CET.

Flavor Version Tinstall Tcheck Ttotal Status Flags
r-devel-linux-x86_64-debian-clang 3.1-1 NOTE
r-devel-linux-x86_64-debian-gcc 3.1-1 6.36 82.69 89.05 NOTE
r-devel-linux-x86_64-fedora-clang 3.1-1 142.77 NOTE
r-devel-linux-x86_64-fedora-gcc 3.1-1 128.71 NOTE
r-devel-windows-x86_64-new-UL 3.1-1 51.00 131.00 182.00 NOTE
r-devel-windows-x86_64-new-TK 3.1-1 NOTE
r-patched-linux-x86_64 3.1-1 8.25 101.55 109.80 NOTE
r-release-linux-x86_64 3.1-1 8.08 103.01 111.09 NOTE
r-release-macos-arm64 3.1-1 NOTE
r-release-macos-x86_64 3.1-1 NOTE
r-release-windows-ix86+x86_64 3.1-1 19.00 128.00 147.00 NOTE
r-oldrel-macos-x86_64 3.1-1 OK
r-oldrel-windows-ix86+x86_64 3.1-1 19.00 129.00 148.00 OK

Check Details

Version: 3.1-1
Check: LazyData
Result: NOTE
     'LazyData' is specified without a 'data' directory
Flavors: r-devel-linux-x86_64-debian-clang, r-devel-linux-x86_64-debian-gcc, r-devel-linux-x86_64-fedora-clang, r-devel-linux-x86_64-fedora-gcc, r-devel-windows-x86_64-new-UL, r-devel-windows-x86_64-new-TK, r-patched-linux-x86_64, r-release-linux-x86_64, r-release-macos-arm64, r-release-macos-x86_64, r-release-windows-ix86+x86_64

Version: 3.1-1
Check: Rd cross-references
Result: NOTE
    Undeclared package ‘sp’ in Rd xrefs
Flavor: r-devel-linux-x86_64-fedora-clang