Last updated on 2025-01-24 19:48:43 CET.
Flavor | Version | Tinstall | Tcheck | Ttotal | Status | Flags |
---|---|---|---|---|---|---|
r-devel-linux-x86_64-debian-clang | 1.8 | 3.77 | 30.75 | 34.52 | NOTE | |
r-devel-linux-x86_64-debian-gcc | 1.8 | 2.25 | 23.84 | 26.09 | NOTE | |
r-devel-linux-x86_64-fedora-clang | 1.8 | 56.95 | OK | |||
r-devel-linux-x86_64-fedora-gcc | 1.8 | 51.83 | OK | |||
r-devel-windows-x86_64 | 1.8 | 5.00 | 52.00 | 57.00 | NOTE | |
r-patched-linux-x86_64 | 1.8 | 6.16 | 29.28 | 35.44 | OK | |
r-release-linux-x86_64 | 1.8 | 2.65 | 30.14 | 32.79 | OK | |
r-release-macos-arm64 | 1.8 | 23.00 | OK | |||
r-release-macos-x86_64 | 1.8 | 35.00 | OK | |||
r-release-windows-x86_64 | 1.8 | 6.00 | 50.00 | 56.00 | OK | |
r-oldrel-macos-arm64 | 1.8 | 20.00 | OK | |||
r-oldrel-macos-x86_64 | 1.8 | 28.00 | OK | |||
r-oldrel-windows-x86_64 | 1.8 | 6.00 | 58.00 | 64.00 | OK |
Version: 1.8
Check: Rd cross-references
Result: NOTE
Found the following Rd file(s) with Rd \link{} targets missing package
anchors:
FactivaSource.Rd: getSources
readFactiva.Rd: getReaders
Please provide package anchors for all Rd \link{} targets not in the
package itself and the base packages.
Flavors: r-devel-linux-x86_64-debian-clang, r-devel-linux-x86_64-debian-gcc, r-devel-windows-x86_64