CRAN Package Check Results for Package timevis

Last updated on 2023-01-31 19:56:38 CET.

Flavor Version Tinstall Tcheck Ttotal Status Flags
r-devel-linux-x86_64-debian-clang 2.1.0 2.97 42.37 45.34 OK
r-devel-linux-x86_64-debian-gcc 2.1.0 3.01 32.71 35.72 OK
r-devel-linux-x86_64-fedora-clang 2.1.0 57.74 OK
r-devel-linux-x86_64-fedora-gcc 2.1.0 55.73 OK
r-devel-windows-x86_64 2.1.0 35.00 78.00 113.00 OK
r-patched-linux-x86_64 2.1.0 4.40 41.70 46.10 OK
r-release-linux-x86_64 2.1.0 2.86 41.52 44.38 OK
r-release-macos-arm64 2.1.0 26.00 ERROR
r-release-macos-x86_64 2.1.0 36.00 ERROR
r-release-windows-x86_64 2.1.0 22.00 82.00 104.00 OK
r-oldrel-macos-arm64 2.1.0 29.00 WARN
r-oldrel-macos-x86_64 2.1.0 36.00 WARN
r-oldrel-windows-ix86+x86_64 2.1.0 11.00 75.00 86.00 WARN

Check Details

Version: 2.1.0
Check: PDF version of manual
Result: WARN
    LaTeX errors when creating PDF version.
    This typically indicates Rd problems.
    LaTeX errors found:
    ! Illegal parameter number in definition of \Hy@tempa.
    <to be read again>
     D
    l.967 visjs documentation}}
     .
    ! Illegal parameter number in definition of \Hy@tempa.
    <to be read again>
     D
    l.967 visjs documentation}}
     .
    ! Illegal parameter number in definition of \Hy@tempa.
    <to be read again>
     D
    l.967 visjs documentation}}
     .
    ! Illegal parameter number in definition of \Hy@tempa.
    <to be read again>
     g
    l.1023 visjs documentation}}
     .
    ! Illegal parameter number in definition of \Hy@tempa.
    <to be read again>
     g
    l.1023 visjs documentation}}
     .
    ! Illegal parameter number in definition of \Hy@tempa.
    <to be read again>
     g
    l.1023 visjs documentation}}
     .
Flavors: r-release-macos-arm64, r-release-macos-x86_64

Version: 2.1.0
Check: PDF version of manual without index
Result: ERROR
Flavors: r-release-macos-arm64, r-release-macos-x86_64

Version: 2.1.0
Check: PDF version of manual
Result: WARN
    LaTeX errors when creating PDF version.
    This typically indicates Rd problems.
    LaTeX errors found:
    ! Illegal parameter number in definition of \Hy@tempa.
    <to be read again>
     D
    l.965 visjs documentation}}
     .
    ! Illegal parameter number in definition of \Hy@tempa.
    <to be read again>
     D
    l.965 visjs documentation}}
     .
    ! Illegal parameter number in definition of \Hy@tempa.
    <to be read again>
     D
    l.965 visjs documentation}}
     .
    ! Illegal parameter number in definition of \Hy@tempa.
    <to be read again>
     g
    l.1021 visjs documentation}}
     .
    ! Illegal parameter number in definition of \Hy@tempa.
    <to be read again>
     g
    l.1021 visjs documentation}}
     .
    ! Illegal parameter number in definition of \Hy@tempa.
    <to be read again>
     g
    l.1021 visjs documentation}}
     .
Flavors: r-oldrel-macos-arm64, r-oldrel-macos-x86_64, r-oldrel-windows-ix86+x86_64