CRAN Package Check Results for Package timeordered

Last updated on 2020-07-14 09:50:55 CEST.

Flavor Version Tinstall Tcheck Ttotal Status Flags
r-devel-linux-x86_64-debian-clang 0.9.9 3.76 49.45 53.21 OK
r-devel-linux-x86_64-debian-gcc 0.9.9 3.06 37.98 41.04 OK
r-devel-linux-x86_64-fedora-clang 0.9.9 72.55 OK
r-devel-linux-x86_64-fedora-gcc 0.9.9 65.33 OK
r-devel-windows-ix86+x86_64 0.9.9 11.00 66.00 77.00 OK
r-patched-linux-x86_64 0.9.9 3.83 48.89 52.72 OK
r-patched-solaris-x86 0.9.9 94.70 OK
r-release-linux-x86_64 0.9.9 3.92 48.70 52.62 OK
r-release-macos-x86_64 0.9.9 ERROR
r-release-windows-ix86+x86_64 0.9.9 12.00 64.00 76.00 OK
r-oldrel-macos-x86_64 0.9.9 OK
r-oldrel-windows-ix86+x86_64 0.9.9 9.00 83.00 92.00 OK

Check Details

Version: 0.9.9
Check: whether package can be installed
Result: ERROR
    Installation failed.
Flavor: r-release-macos-x86_64