CRAN Package Check Results for Package timechange

Last updated on 2021-09-20 20:49:13 CEST.

Flavor Version Tinstall Tcheck Ttotal Status Flags
r-devel-linux-x86_64-debian-clang 0.0.2 68.22 33.72 101.94 NOTE
r-devel-linux-x86_64-debian-gcc 0.0.2 42.64 25.87 68.51 NOTE
r-devel-linux-x86_64-fedora-clang 0.0.2 154.36 NOTE
r-devel-linux-x86_64-fedora-gcc 0.0.2 123.14 NOTE
r-devel-windows-x86_64 0.0.2 71.00 52.00 123.00 NOTE
r-devel-windows-x86_64-gcc10-UCRT 0.0.2 ERROR
r-patched-linux-x86_64 0.0.2 51.41 33.49 84.90 NOTE
r-patched-solaris-x86 0.0.2 136.00 NOTE
r-release-linux-x86_64 0.0.2 51.58 33.62 85.20 NOTE
r-release-macos-arm64 0.0.2 NOTE
r-release-macos-x86_64 0.0.2 NOTE
r-release-windows-ix86+x86_64 0.0.2 158.00 63.00 221.00 NOTE
r-oldrel-macos-x86_64 0.0.2 OK
r-oldrel-windows-ix86+x86_64 0.0.2 158.00 67.00 225.00 OK

Check Details

Version: 0.0.2
Check: LazyData
Result: NOTE
     'LazyData' is specified without a 'data' directory
Flavors: r-devel-linux-x86_64-debian-clang, r-devel-linux-x86_64-debian-gcc, r-devel-linux-x86_64-fedora-clang, r-devel-linux-x86_64-fedora-gcc, r-devel-windows-x86_64, r-patched-linux-x86_64, r-patched-solaris-x86, r-release-linux-x86_64, r-release-macos-arm64, r-release-macos-x86_64, r-release-windows-ix86+x86_64

Version: 0.0.2
Check: whether package can be installed
Result: ERROR
    Installation failed.
Flavor: r-devel-windows-x86_64-gcc10-UCRT